CRAN Package Check Results for Package contoureR

Last updated on 2021-10-21 00:49:40 CEST.

Flavor Version Tinstall Tcheck Ttotal Status Flags
r-devel-linux-x86_64-debian-clang 1.0.5 33.89 32.21 66.10 OK
r-devel-linux-x86_64-debian-gcc 1.0.5 23.79 25.19 48.98 OK
r-devel-linux-x86_64-fedora-clang 1.0.5 113.19 NOTE
r-devel-linux-x86_64-fedora-gcc 1.0.5 89.32 NOTE
r-devel-windows-x86_64 1.0.5 46.00 64.00 110.00 OK
r-devel-windows-x86_64-gcc10-UCRT 1.0.5 OK
r-patched-linux-x86_64 1.0.5 29.89 31.28 61.17 OK
r-patched-solaris-x86 1.0.5 96.30 OK
r-release-linux-x86_64 1.0.5 31.17 31.42 62.59 OK
r-release-macos-arm64 1.0.5 OK
r-release-macos-x86_64 1.0.5 OK
r-release-windows-ix86+x86_64 1.0.5 64.00 83.00 147.00 OK
r-oldrel-macos-x86_64 1.0.5 OK
r-oldrel-windows-ix86+x86_64 1.0.5 92.00 87.00 179.00 OK

Check Details

Version: 1.0.5
Check: compiled code
Result: NOTE
    File ‘contoureR/libs/contoureR.so’:
     Found no calls to: ‘R_registerRoutines’, ‘R_useDynamicSymbols’
    
    It is good practice to register native routines and to disable symbol
    search.
    
    See ‘Writing portable packages’ in the ‘Writing R Extensions’ manual.
Flavors: r-devel-linux-x86_64-fedora-clang, r-devel-linux-x86_64-fedora-gcc