CRAN Package Check Results for Package convertr

Last updated on 2022-01-24 00:47:30 CET.

Flavor Version Tinstall Tcheck Ttotal Status Flags
r-devel-linux-x86_64-debian-clang 0.1 2.12 31.01 33.13 NOTE
r-devel-linux-x86_64-debian-gcc 0.1 1.93 26.49 28.42 NOTE
r-devel-linux-x86_64-fedora-clang 0.1 42.67 NOTE
r-devel-linux-x86_64-fedora-gcc 0.1 30.14 NOTE
r-devel-windows-x86_64-new-UL 0.1 19.00 48.00 67.00 NOTE
r-devel-windows-x86_64-new-TK 0.1 NOTE
r-patched-linux-x86_64 0.1 2.24 29.87 32.11 NOTE
r-release-linux-x86_64 0.1 2.23 30.02 32.25 NOTE
r-release-macos-arm64 0.1 NOTE
r-release-macos-x86_64 0.1 NOTE
r-release-windows-ix86+x86_64 0.1 5.00 37.00 42.00 NOTE
r-oldrel-macos-x86_64 0.1 OK
r-oldrel-windows-ix86+x86_64 0.1 5.00 39.00 44.00 OK

Check Details

Version: 0.1
Check: LazyData
Result: NOTE
     'LazyData' is specified without a 'data' directory
Flavors: r-devel-linux-x86_64-debian-clang, r-devel-linux-x86_64-debian-gcc, r-devel-linux-x86_64-fedora-clang, r-devel-linux-x86_64-fedora-gcc, r-devel-windows-x86_64-new-UL, r-devel-windows-x86_64-new-TK, r-patched-linux-x86_64, r-release-linux-x86_64, r-release-macos-arm64, r-release-macos-x86_64, r-release-windows-ix86+x86_64