CRAN Package Check Results for Package corregp

Last updated on 2021-10-15 00:48:57 CEST.

Flavor Version Tinstall Tcheck Ttotal Status Flags
r-devel-linux-x86_64-debian-clang 2.0.2 6.49 68.56 75.05 OK
r-devel-linux-x86_64-debian-gcc 2.0.2 5.73 50.43 56.16 OK
r-devel-linux-x86_64-fedora-clang 2.0.2 97.12 NOTE
r-devel-linux-x86_64-fedora-gcc 2.0.2 84.73 NOTE
r-devel-windows-x86_64 2.0.2 10.00 64.00 74.00 OK
r-devel-windows-x86_64-gcc10-UCRT 2.0.2 NOTE
r-patched-linux-x86_64 2.0.2 7.43 62.58 70.01 OK
r-patched-solaris-x86 2.0.2 109.30 NOTE
r-release-linux-x86_64 2.0.2 6.18 62.09 68.27 OK
r-release-macos-arm64 2.0.2 NOTE
r-release-macos-x86_64 2.0.2 NOTE
r-release-windows-ix86+x86_64 2.0.2 15.00 88.00 103.00 OK
r-oldrel-macos-x86_64 2.0.2 NOTE
r-oldrel-windows-ix86+x86_64 2.0.2 16.00 83.00 99.00 OK

Check Details

Version: 2.0.2
Check: data for non-ASCII characters
Result: NOTE
     Note: found 2 marked Latin-1 strings
Flavors: r-devel-linux-x86_64-fedora-clang, r-devel-linux-x86_64-fedora-gcc, r-devel-windows-x86_64-gcc10-UCRT, r-patched-solaris-x86, r-release-macos-arm64, r-release-macos-x86_64, r-oldrel-macos-x86_64