CRAN Package Check Results for Package corrplot

Last updated on 2021-12-07 00:49:15 CET.

Flavor Version Tinstall Tcheck Ttotal Status Flags
r-devel-linux-x86_64-debian-clang 0.92 3.67 44.85 48.52 WARN
r-devel-linux-x86_64-debian-gcc 0.92 2.78 35.70 38.48 WARN
r-devel-linux-x86_64-fedora-clang 0.92 70.35 NOTE
r-devel-linux-x86_64-fedora-gcc 0.92 61.10 OK
r-devel-windows-x86_64-new-UL 0.92 11.00 95.00 106.00 OK
r-devel-windows-x86_64-new-TK 0.92 WARN
r-devel-windows-x86_64-old 0.92 7.00 54.00 61.00 OK
r-patched-linux-x86_64 0.92 3.79 43.68 47.47 OK
r-release-linux-x86_64 0.92 3.58 51.76 55.34 OK
r-release-macos-arm64 0.92 OK
r-release-macos-x86_64 0.92 OK
r-release-windows-ix86+x86_64 0.92 9.00 69.00 78.00 OK
r-oldrel-macos-x86_64 0.92 ERROR
r-oldrel-windows-ix86+x86_64 0.92 25.00 62.00 87.00 ERROR

Check Details

Version: 0.92
Check: re-building of vignette outputs
Result: WARN
    Error(s) in re-building vignettes:
     ...
    --- re-building 'corrplot-intro.Rmd' using rmarkdown
    Quitting from lines 188-211 (corrplot-intro.Rmd)
    Error: processing vignette 'corrplot-intro.Rmd' failed with diagnostics:
    'list' object cannot be coerced to type 'integer'
    --- failed re-building 'corrplot-intro.Rmd'
    
    SUMMARY: processing the following file failed:
     'corrplot-intro.Rmd'
    
    Error: Vignette re-building failed.
    Execution halted
Flavors: r-devel-linux-x86_64-debian-clang, r-devel-linux-x86_64-debian-gcc

Version: 0.92
Check: installed package size
Result: NOTE
     installed size is 5.0Mb
     sub-directories of 1Mb or more:
     doc 4.8Mb
Flavor: r-devel-linux-x86_64-fedora-clang

Version: 0.92
Check: re-building of vignette outputs
Result: WARN
    Error(s) in re-building vignettes:
    --- re-building 'corrplot-intro.Rmd' using rmarkdown
    Quitting from lines 188-211 (corrplot-intro.Rmd)
    Error: processing vignette 'corrplot-intro.Rmd' failed with diagnostics:
    'list' object cannot be coerced to type 'integer'
    --- failed re-building 'corrplot-intro.Rmd'
    
    SUMMARY: processing the following file failed:
     'corrplot-intro.Rmd'
    
    Error: Vignette re-building failed.
    Execution halted
Flavor: r-devel-windows-x86_64-new-TK

Version: 0.92
Check: for unstated dependencies in examples
Result: WARN
    Warning: parse error in file 'corrplot-Ex.R':
    289:31: unexpected '>'
    288: if(getRversion() >= '4.1.0') {
    289: corrplot(M, order = 'AOE') |>
     ^
Flavor: r-oldrel-macos-x86_64

Version: 0.92
Check: examples
Result: ERROR
    Running examples in ‘corrplot-Ex.R’ failed
    The error most likely occurred in:
    
    > ### Name: corrRect
    > ### Title: Draw rectangle(s) on the correlation matrix graph.
    > ### Aliases: corrRect
    > ### Keywords: hplot
    >
    > ### ** Examples
    >
    > data(mtcars)
    > M = cor(mtcars)
    >
    > r = rbind(c('gear', 'wt', 'qsec', 'carb'),
    + c('wt', 'gear', 'carb', 'qsec'))
    > corrplot(M, order = 'AOE') -> p
    > corrRect(p, namesMat = r)
    >
    > # same as using pipe operator `|>`
    > if(getRversion() >= '4.1.0') {
    + corrplot(M, order = 'AOE') |> corrRect(namesMat = r)
    Error: unexpected '>' in:
    "if(getRversion() >= '4.1.0') {
     corrplot(M, order = 'AOE') |>"
    Execution halted
Flavors: r-oldrel-macos-x86_64, r-oldrel-windows-ix86+x86_64

Version: 0.92
Check: tests
Result: ERROR
     Running ‘testthat.R’ [1s/1s]
    Running the tests in ‘tests/testthat.R’ failed.
    Complete output:
     > library(testthat)
     > library(corrplot)
     corrplot 0.92 loaded
     >
     > test_check('corrplot')
     Error in parse(con, n = -1, srcfile = srcfile, encoding = "UTF-8") :
     test-corrRect.R:29:52: unexpected '>'
     28: r = c('gear', 'wt', 'qsec', 'carb')
     29: corrplot(M, method = 'circle', order = 'AOE') |>
     ^
     Calls: test_check ... doTryCatch -> lapply -> FUN -> source_file -> parse
     Execution halted
Flavor: r-oldrel-macos-x86_64

Version: 0.92
Check: for unstated dependencies in examples
Result: WARN
    Warning: parse error in file 'corrplot-Ex.R':
    290:31: unexpected '>'
    289: if(getRversion() >= '4.1.0') {
    290: corrplot(M, order = 'AOE') |>
     ^
Flavor: r-oldrel-windows-ix86+x86_64

Version: 0.92
Check: for unstated dependencies in ‘tests’
Result: WARN
    Warning: parse error in file 'testthat/test-corrRect.R':
    29:52: unexpected '>'
    28: r = c('gear', 'wt', 'qsec', 'carb')
    29: corrplot(M, method = 'circle', order = 'AOE') |>
     ^
Flavor: r-oldrel-windows-ix86+x86_64

Version: 0.92
Check: tests
Result: ERROR
     Running 'testthat.R' [2s]
    Running the tests in 'tests/testthat.R' failed.
    Complete output:
     > library(testthat)
     > library(corrplot)
     corrplot 0.92 loaded
     >
     > test_check('corrplot')
     Error in parse(con, n = -1, srcfile = srcfile, encoding = "UTF-8") :
     test-corrRect.R:29:52: unexpected '>'
     28: r = c('gear', 'wt', 'qsec', 'carb')
     29: corrplot(M, method = 'circle', order = 'AOE') |>
     ^
     Calls: test_check ... doTryCatch -> lapply -> FUN -> source_file -> parse
     Execution halted
Flavor: r-oldrel-windows-ix86+x86_64