CRAN Package Check Results for Package countrycode

Last updated on 2021-12-07 00:49:15 CET.

Flavor Version Tinstall Tcheck Ttotal Status Flags
r-devel-linux-x86_64-debian-clang 1.3.0 4.48 131.43 135.91 OK
r-devel-linux-x86_64-debian-gcc 1.3.0 4.05 94.71 98.76 OK
r-devel-linux-x86_64-fedora-clang 1.3.0 160.97 NOTE
r-devel-linux-x86_64-fedora-gcc 1.3.0 151.31 NOTE
r-devel-windows-x86_64-new-UL 1.3.0 10.00 279.00 289.00 OK
r-devel-windows-x86_64-new-TK 1.3.0 NOTE
r-devel-windows-x86_64-old 1.3.0 8.00 165.00 173.00 OK
r-patched-linux-x86_64 1.3.0 4.39 116.75 121.14 OK
r-release-linux-x86_64 1.3.0 3.89 124.83 128.72 OK
r-release-macos-arm64 1.3.0 NOTE
r-release-macos-x86_64 1.3.0 NOTE
r-release-windows-ix86+x86_64 1.3.0 9.00 212.00 221.00 OK
r-oldrel-macos-x86_64 1.3.0 NOTE
r-oldrel-windows-ix86+x86_64 1.3.0 27.00 206.00 233.00 OK

Check Details

Version: 1.3.0
Check: data for non-ASCII characters
Result: NOTE
     Note: found 128401 marked UTF-8 strings
Flavors: r-devel-linux-x86_64-fedora-clang, r-devel-linux-x86_64-fedora-gcc, r-devel-windows-x86_64-new-TK, r-release-macos-arm64, r-release-macos-x86_64, r-oldrel-macos-x86_64