CRAN Package Check Results for Package covid19br

Last updated on 2021-10-27 00:51:00 CEST.

Flavor Version Tinstall Tcheck Ttotal Status Flags
r-devel-linux-x86_64-debian-clang 0.1.3 5.56 124.47 130.03 OK
r-devel-linux-x86_64-debian-gcc 0.1.3 4.29 94.75 99.04 OK
r-devel-linux-x86_64-fedora-clang 0.1.3 162.07 NOTE
r-devel-linux-x86_64-fedora-gcc 0.1.3 143.87 NOTE
r-devel-windows-x86_64 0.1.3 7.00 187.00 194.00 NOTE
r-devel-windows-x86_64-gcc10-UCRT 0.1.3 NOTE
r-patched-linux-x86_64 0.1.3 5.65 124.69 130.34 OK
r-patched-solaris-x86 0.1.3 149.50 WARN
r-release-linux-x86_64 0.1.3 3.97 124.24 128.21 OK
r-release-macos-arm64 0.1.3 NOTE
r-release-macos-x86_64 0.1.3 NOTE
r-release-windows-ix86+x86_64 0.1.3 12.00 134.00 146.00 NOTE
r-oldrel-macos-x86_64 0.1.3 NOTE
r-oldrel-windows-ix86+x86_64 0.1.3 10.00 140.00 150.00 NOTE

Check Details

Version: 0.1.3
Check: installed package size
Result: NOTE
     installed size is 7.8Mb
     sub-directories of 1Mb or more:
     doc 7.5Mb
Flavors: r-devel-linux-x86_64-fedora-clang, r-devel-windows-x86_64, r-patched-solaris-x86, r-release-macos-arm64, r-release-macos-x86_64, r-release-windows-ix86+x86_64, r-oldrel-macos-x86_64, r-oldrel-windows-ix86+x86_64

Version: 0.1.3
Check: data for non-ASCII characters
Result: NOTE
     Note: found 2385 marked UTF-8 strings
Flavors: r-devel-linux-x86_64-fedora-clang, r-devel-linux-x86_64-fedora-gcc, r-devel-windows-x86_64-gcc10-UCRT, r-patched-solaris-x86, r-release-macos-arm64, r-release-macos-x86_64, r-oldrel-macos-x86_64

Version: 0.1.3
Check: re-building of vignette outputs
Result: WARN
    Error(s) in re-building vignettes:
     ...
    --- re-building ‘covid19br.Rmd’ using rmarkdown
    Pandoc is required to build R Markdown vignettes but not available. Please make sure it is installed.
    ── Attaching packages ─────────────────────────────────────── tidyverse 1.3.1 ──
    ✔ ggplot2 3.3.5 ✔ purrr 0.3.4
    ✔ tibble 3.1.5 ✔ dplyr 1.0.7
    ✔ tidyr 1.1.4 ✔ stringr 1.4.0
    ✔ readr 2.0.2 ✔ forcats 0.5.1
    ── Conflicts ────────────────────────────────────────── tidyverse_conflicts() ──
    ✖ dplyr::filter() masks stats::filter()
    ✖ dplyr::lag() masks stats::lag()
    Downloading COVID-19 data from the official Brazilian repository: https://covid.saude.gov.br/
    Please, be patient...
     Done!
    
    Attaching package: 'pracma'
    
    The following object is masked from 'package:purrr':
    
     cross
    
    Downloading COVID-19 data from the official Brazilian repository: https://covid.saude.gov.br/
    Please, be patient...
     Done!
    
    Attaching package: 'plotly'
    
    The following object is masked from 'package:ggplot2':
    
     last_plot
    
    The following object is masked from 'package:stats':
    
     filter
    
    The following object is masked from 'package:graphics':
    
     layout
    
    PhantomJS not found. You can install it with webshot::install_phantomjs(). If it is installed, please make sure the phantomjs executable can be found via the PATH variable.
    PhantomJS not found. You can install it with webshot::install_phantomjs(). If it is installed, please make sure the phantomjs executable can be found via the PATH variable.
    Quitting from lines 114-121 (covid19br.Rmd)
    Error: processing vignette 'covid19br.Rmd' failed with diagnostics:
    invalid 'path' argument
    --- failed re-building ‘covid19br.Rmd’
    
    --- re-building ‘election2018.Rmd’ using rmarkdown
    Pandoc is required to build R Markdown vignettes but not available. Please make sure it is installed.
    ── Attaching packages ─────────────────────────────────────── tidyverse 1.3.1 ──
    ✔ ggplot2 3.3.5 ✔ purrr 0.3.4
    ✔ tibble 3.1.5 ✔ dplyr 1.0.7
    ✔ tidyr 1.1.4 ✔ stringr 1.4.0
    ✔ readr 2.0.2 ✔ forcats 0.5.1
    ── Conflicts ────────────────────────────────────────── tidyverse_conflicts() ──
    ✖ dplyr::filter() masks stats::filter()
    ✖ dplyr::lag() masks stats::lag()
    Joining, by = c("region", "state", "city", "region_code", "state_code", "mesoregion_code", "microregion_code", "city_code", "pop")
    Quitting from lines 20-41 (election2018.Rmd)
    Error: processing vignette 'election2018.Rmd' failed with diagnostics:
    OGRCreateCoordinateTransformation(): transformation not available
    --- failed re-building ‘election2018.Rmd’
    
    --- re-building ‘maps.Rmd’ using rmarkdown
    Pandoc is required to build R Markdown vignettes but not available. Please make sure it is installed.
    ── Attaching packages ─────────────────────────────────────── tidyverse 1.3.1 ──
    ✔ ggplot2 3.3.5 ✔ purrr 0.3.4
    ✔ tibble 3.1.5 ✔ dplyr 1.0.7
    ✔ tidyr 1.1.4 ✔ stringr 1.4.0
    ✔ readr 2.0.2 ✔ forcats 0.5.1
    ── Conflicts ────────────────────────────────────────── tidyverse_conflicts() ──
    ✖ dplyr::filter() masks stats::filter()
    ✖ dplyr::lag() masks stats::lag()
    Downloading COVID-19 data from the official Brazilian repository: https://covid.saude.gov.br/
    Please, be patient...
     Done!
    Joining, by = c("region", "state", "city", "state_code", "city_code", "pop")
    Quitting from lines 43-45 (maps.Rmd)
    Error: processing vignette 'maps.Rmd' failed with diagnostics:
    OGRCreateCoordinateTransformation(): transformation not available
    --- failed re-building ‘maps.Rmd’
    
    SUMMARY: processing the following files failed:
     ‘covid19br.Rmd’ ‘election2018.Rmd’ ‘maps.Rmd’
    
    Error: Vignette re-building failed.
    Execution halted
Flavor: r-patched-solaris-x86