CRAN Package Check Results for Package covid19india

Last updated on 2024-06-13 00:55:10 CEST.

Flavor Version Tinstall Tcheck Ttotal Status Flags
r-devel-linux-x86_64-debian-clang 0.1.4 17.60 123.11 140.71 OK
r-devel-linux-x86_64-debian-gcc 0.1.4 0.31 1.73 2.04 ERROR
r-devel-linux-x86_64-fedora-clang 0.1.4 98.61 NOTE
r-devel-linux-x86_64-fedora-gcc 0.1.4 157.00 NOTE
r-devel-windows-x86_64 0.1.4 13.00 100.00 113.00 OK
r-patched-linux-x86_64 0.1.4 12.01 114.61 126.62 OK
r-release-linux-x86_64 0.1.4 9.61 116.24 125.85 OK
r-release-macos-arm64 0.1.4 45.00 OK
r-release-macos-x86_64 0.1.4 80.00 OK
r-release-windows-x86_64 0.1.4 15.00 101.00 116.00 OK
r-oldrel-macos-arm64 0.1.4 48.00 OK
r-oldrel-macos-x86_64 0.1.4 79.00 OK
r-oldrel-windows-x86_64 0.1.4 18.00 122.00 140.00 OK

Check Details

Version: 0.1.4
Check: package dependencies
Result: ERROR Packages required but not available: 'EpiEstim', 'gt', 'janitor', 'stringr' See section ‘The DESCRIPTION file’ in the ‘Writing R Extensions’ manual. Flavor: r-devel-linux-x86_64-debian-gcc

Version: 0.1.4
Check: dependencies in R code
Result: NOTE Namespaces in Imports field not imported from: ‘httr’ ‘stringr’ All declared Imports should be used. Flavors: r-devel-linux-x86_64-fedora-clang, r-devel-linux-x86_64-fedora-gcc