Last updated on 2025-01-21 00:48:25 CET.
Flavor | Version | Tinstall | Tcheck | Ttotal | Status | Flags |
---|---|---|---|---|---|---|
r-devel-linux-x86_64-debian-clang | 0.1.4 | 13.01 | 93.31 | 106.32 | OK | |
r-devel-linux-x86_64-debian-gcc | 0.1.4 | 9.24 | 70.73 | 79.97 | OK | |
r-devel-linux-x86_64-fedora-clang | 0.1.4 | 172.02 | NOTE | |||
r-devel-linux-x86_64-fedora-gcc | 0.1.4 | 161.57 | NOTE | |||
r-devel-windows-x86_64 | 0.1.4 | 14.00 | 100.00 | 114.00 | OK | |
r-patched-linux-x86_64 | 0.1.4 | 13.35 | 85.85 | 99.20 | OK | |
r-release-linux-x86_64 | 0.1.4 | 13.06 | 87.75 | 100.81 | OK | |
r-release-macos-arm64 | 0.1.4 | 45.00 | OK | |||
r-release-macos-x86_64 | 0.1.4 | 80.00 | OK | |||
r-release-windows-x86_64 | 0.1.4 | 15.00 | 103.00 | 118.00 | OK | |
r-oldrel-macos-arm64 | 0.1.4 | 48.00 | OK | |||
r-oldrel-macos-x86_64 | 0.1.4 | 79.00 | OK | |||
r-oldrel-windows-x86_64 | 0.1.4 | 18.00 | 126.00 | 144.00 | OK |
Version: 0.1.4
Check: dependencies in R code
Result: NOTE
Namespaces in Imports field not imported from:
‘httr’ ‘stringr’
All declared Imports should be used.
Flavors: r-devel-linux-x86_64-fedora-clang, r-devel-linux-x86_64-fedora-gcc