CRAN Package Check Results for Package covid19india

Last updated on 2023-03-27 00:50:21 CEST.

Flavor Version Tinstall Tcheck Ttotal Status Flags
r-devel-linux-x86_64-debian-clang 0.1.4 16.82 123.56 140.38 OK
r-devel-linux-x86_64-debian-gcc 0.1.4 13.96 94.15 108.11 OK
r-devel-linux-x86_64-fedora-gcc 0.1.4 165.29 NOTE
r-patched-linux-x86_64 0.1.4 15.19 114.90 130.09 OK
r-release-linux-x86_64 0.1.4 10.46 114.93 125.39 OK
r-release-macos-arm64 0.1.4 49.00 NOTE
r-release-macos-x86_64 0.1.4 88.00 NOTE
r-release-windows-x86_64 0.1.4 35.00 155.00 190.00 OK
r-oldrel-macos-arm64 0.1.4 50.00 NOTE
r-oldrel-macos-x86_64 0.1.4 63.00 NOTE
r-oldrel-windows-ix86+x86_64 0.1.4 35.00 153.00 188.00 OK

Check Details

Version: 0.1.4
Check: dependencies in R code
Result: NOTE
    Namespaces in Imports field not imported from:
     ‘httr’ ‘stringr’
     All declared Imports should be used.
Flavors: r-devel-linux-x86_64-fedora-gcc, r-release-macos-arm64, r-release-macos-x86_64, r-oldrel-macos-arm64, r-oldrel-macos-x86_64