Last updated on 2023-09-27 23:37:30 CEST.
Flavor | Version | Tinstall | Tcheck | Ttotal | Status | Flags |
---|---|---|---|---|---|---|
r-devel-linux-x86_64-debian-clang | 0.5.2 | 8.27 | 184.85 | 193.12 | OK | |
r-devel-linux-x86_64-debian-gcc | 0.5.2 | 5.81 | 137.61 | 143.42 | OK | |
r-devel-linux-x86_64-fedora-clang | 0.5.2 | 249.44 | NOTE | |||
r-devel-linux-x86_64-fedora-gcc | 0.5.2 | 251.92 | NOTE | |||
r-devel-windows-x86_64 | 0.5.2 | 9.00 | 245.00 | 254.00 | OK | |
r-patched-linux-x86_64 | 0.5.2 | 6.79 | 177.96 | 184.75 | OK | |
r-release-linux-x86_64 | 0.5.2 | 7.81 | 177.84 | 185.65 | OK | |
r-release-macos-arm64 | 0.5.2 | 95.00 | OK | |||
r-release-macos-x86_64 | 0.5.2 | 200.00 | OK | |||
r-release-windows-x86_64 | 0.5.2 | 10.00 | 293.00 | 303.00 | OK | |
r-oldrel-macos-arm64 | 0.5.2 | 82.00 | OK | |||
r-oldrel-macos-x86_64 | 0.5.2 | 110.00 | OK | |||
r-oldrel-windows-x86_64 | 0.5.2 | 12.00 | 214.00 | 226.00 | OK |
Version: 0.5.2
Check: data for non-ASCII characters
Result: NOTE
Note: found 20 marked UTF-8 strings
Flavors: r-devel-linux-x86_64-fedora-clang, r-devel-linux-x86_64-fedora-gcc