CRAN Package Check Results for Package covr

Last updated on 2021-09-19 00:52:15 CEST.

Flavor Version Tinstall Tcheck Ttotal Status Flags
r-devel-linux-x86_64-debian-clang 3.5.1 5.42 114.69 120.11 NOTE
r-devel-linux-x86_64-debian-gcc 3.5.1 3.94 89.76 93.70 NOTE
r-devel-linux-x86_64-fedora-clang 3.5.1 155.40 NOTE
r-devel-linux-x86_64-fedora-gcc 3.5.1 168.98 NOTE
r-devel-windows-x86_64 3.5.1 6.00 193.00 199.00 NOTE
r-devel-windows-x86_64-gcc10-UCRT 3.5.1 NOTE
r-patched-linux-x86_64 3.5.1 4.57 111.83 116.40 NOTE
r-patched-solaris-x86 3.5.1 80.40 NOTE
r-release-linux-x86_64 3.5.1 5.91 110.73 116.64 NOTE
r-release-macos-arm64 3.5.1 NOTE
r-release-macos-x86_64 3.5.1 NOTE
r-release-windows-ix86+x86_64 3.5.1 13.00 260.00 273.00 NOTE
r-oldrel-macos-x86_64 3.5.1 OK
r-oldrel-windows-ix86+x86_64 3.5.1 11.00 324.00 335.00 OK

Check Details

Version: 3.5.1
Check: LazyData
Result: NOTE
     'LazyData' is specified without a 'data' directory
Flavors: r-devel-linux-x86_64-debian-clang, r-devel-linux-x86_64-debian-gcc, r-devel-linux-x86_64-fedora-clang, r-devel-linux-x86_64-fedora-gcc, r-devel-windows-x86_64, r-devel-windows-x86_64-gcc10-UCRT, r-patched-linux-x86_64, r-patched-solaris-x86, r-release-linux-x86_64, r-release-macos-arm64, r-release-macos-x86_64, r-release-windows-ix86+x86_64