CRAN Package Check Results for Package cowsay

Last updated on 2023-06-03 00:57:05 CEST.

Flavor Version Tinstall Tcheck Ttotal Status Flags
r-devel-linux-x86_64-debian-clang 0.8.2 2.23 27.43 29.66 NOTE
r-devel-linux-x86_64-debian-gcc 0.8.2 1.72 21.67 23.39 NOTE
r-devel-linux-x86_64-fedora-clang 0.8.2 40.37 NOTE
r-devel-linux-x86_64-fedora-gcc 0.8.2 49.70 NOTE
r-devel-windows-x86_64 0.8.2 3.00 53.00 56.00 NOTE
r-patched-linux-x86_64 0.8.2 NOTE
r-release-linux-x86_64 0.8.2 1.87 27.39 29.26 NOTE
r-release-macos-arm64 0.8.2 25.00 NOTE
r-release-macos-x86_64 0.8.2 34.00 NOTE
r-release-windows-x86_64 0.8.2 3.00 52.00 55.00 OK
r-oldrel-macos-arm64 0.8.2 20.00 OK
r-oldrel-macos-x86_64 0.8.2 27.00 OK
r-oldrel-windows-x86_64 0.8.2 4.00 54.00 58.00 OK

Check Details

Version: 0.8.2
Check: package dependencies
Result: NOTE
    Package suggested but not available for checking: ‘multicolor’
Flavors: r-devel-linux-x86_64-debian-clang, r-devel-linux-x86_64-debian-gcc, r-devel-linux-x86_64-fedora-clang, r-devel-linux-x86_64-fedora-gcc, r-devel-windows-x86_64, r-patched-linux-x86_64, r-release-linux-x86_64, r-release-macos-arm64, r-release-macos-x86_64