CRAN Package Check Results for Package coxphMIC

Last updated on 2021-10-28 00:48:41 CEST.

Flavor Version Tinstall Tcheck Ttotal Status Flags
r-devel-linux-x86_64-debian-clang 0.1.0 8.06 57.72 65.78 NOTE
r-devel-linux-x86_64-debian-gcc 0.1.0 5.80 46.02 51.82 NOTE
r-devel-linux-x86_64-fedora-clang 0.1.0 89.25 NOTE
r-devel-linux-x86_64-fedora-gcc 0.1.0 78.52 NOTE
r-devel-windows-x86_64 0.1.0 10.00 78.00 88.00 NOTE
r-devel-windows-x86_64-gcc10-UCRT 0.1.0 NOTE
r-patched-linux-x86_64 0.1.0 7.58 56.88 64.46 NOTE
r-patched-solaris-x86 0.1.0 123.60 NOTE
r-release-linux-x86_64 0.1.0 5.85 56.65 62.50 NOTE
r-release-macos-arm64 0.1.0 NOTE
r-release-macos-x86_64 0.1.0 NOTE
r-release-windows-ix86+x86_64 0.1.0 11.00 76.00 87.00 NOTE
r-oldrel-macos-x86_64 0.1.0 OK
r-oldrel-windows-ix86+x86_64 0.1.0 10.00 80.00 90.00 OK

Check Details

Version: 0.1.0
Check: LazyData
Result: NOTE
     'LazyData' is specified without a 'data' directory
Flavors: r-devel-linux-x86_64-debian-clang, r-devel-linux-x86_64-debian-gcc, r-devel-linux-x86_64-fedora-clang, r-devel-linux-x86_64-fedora-gcc, r-devel-windows-x86_64, r-devel-windows-x86_64-gcc10-UCRT, r-patched-linux-x86_64, r-patched-solaris-x86, r-release-linux-x86_64, r-release-macos-arm64, r-release-macos-x86_64, r-release-windows-ix86+x86_64