CRAN Package Check Results for Package cqrReg

Last updated on 2024-06-14 00:53:38 CEST.

Flavor Version Tinstall Tcheck Ttotal Status Flags
r-devel-linux-x86_64-debian-clang 1.2.1 185.83 82.14 267.97 OK
r-devel-linux-x86_64-debian-gcc 1.2.1 123.08 60.53 183.61 OK
r-devel-linux-x86_64-fedora-clang 1.2.1 387.68 NOTE
r-devel-linux-x86_64-fedora-gcc 1.2.1 388.85 NOTE
r-devel-windows-x86_64 1.2.1 138.00 104.00 242.00 OK
r-patched-linux-x86_64 1.2.1 161.12 76.89 238.01 OK
r-release-linux-x86_64 1.2.1 162.23 78.49 240.72 OK
r-release-macos-arm64 1.2.1 76.00 NOTE
r-release-macos-x86_64 1.2.1 83.00 NOTE
r-release-windows-x86_64 1.2.1 138.00 108.00 246.00 OK
r-oldrel-macos-arm64 1.2.1 90.00 NOTE
r-oldrel-macos-x86_64 1.2.1 155.00 NOTE
r-oldrel-windows-x86_64 1.2.1 167.00 122.00 289.00 OK

Check Details

Version: 1.2.1
Check: compiled code
Result: NOTE File ‘cqrReg/libs/cqrReg.so’: Found no calls to: ‘R_registerRoutines’, ‘R_useDynamicSymbols’ It is good practice to register native routines and to disable symbol search. See ‘Writing portable packages’ in the ‘Writing R Extensions’ manual. Flavors: r-devel-linux-x86_64-fedora-clang, r-devel-linux-x86_64-fedora-gcc

Version: 1.2.1
Check: installed package size
Result: NOTE installed size is 6.9Mb sub-directories of 1Mb or more: libs 6.8Mb Flavors: r-release-macos-arm64, r-release-macos-x86_64, r-oldrel-macos-arm64, r-oldrel-macos-x86_64