CRAN Package Check Results for Package cragg

Last updated on 2021-11-30 00:51:26 CET.

Flavor Version Tinstall Tcheck Ttotal Status Flags
r-devel-linux-x86_64-debian-clang 0.0.1 2.13 31.11 33.24 NOTE
r-devel-linux-x86_64-debian-gcc 0.0.1 1.75 25.19 26.94 NOTE
r-devel-linux-x86_64-fedora-clang 0.0.1 52.89 NOTE
r-devel-linux-x86_64-fedora-gcc 0.0.1 41.88 NOTE
r-devel-windows-x86_64-new-UL 0.0.1 6.00 71.00 77.00 NOTE
r-devel-windows-x86_64-new-TK 0.0.1 NOTE
r-devel-windows-x86_64-old 0.0.1 4.00 40.00 44.00 NOTE
r-patched-linux-x86_64 0.0.1 2.17 30.24 32.41 NOTE
r-patched-solaris-x86 0.0.1 59.30 NOTE
r-release-linux-x86_64 0.0.1 2.03 30.27 32.30 NOTE
r-release-macos-arm64 0.0.1 NOTE
r-release-macos-x86_64 0.0.1 NOTE
r-release-windows-ix86+x86_64 0.0.1 5.00 43.00 48.00 NOTE
r-oldrel-macos-x86_64 0.0.1 OK
r-oldrel-windows-ix86+x86_64 0.0.1 4.00 43.00 47.00 OK

Check Details

Version: 0.0.1
Check: LazyData
Result: NOTE
     'LazyData' is specified without a 'data' directory
Flavors: r-devel-linux-x86_64-debian-clang, r-devel-linux-x86_64-debian-gcc, r-devel-linux-x86_64-fedora-clang, r-devel-linux-x86_64-fedora-gcc, r-devel-windows-x86_64-new-UL, r-devel-windows-x86_64-new-TK, r-devel-windows-x86_64-old, r-patched-linux-x86_64, r-patched-solaris-x86, r-release-linux-x86_64, r-release-macos-arm64, r-release-macos-x86_64, r-release-windows-ix86+x86_64