CRAN Package Check Results for Package crandep

Last updated on 2025-04-30 00:49:40 CEST.

Flavor Version Tinstall Tcheck Ttotal Status Flags
r-devel-linux-x86_64-debian-clang 0.3.11 85.66 472.42 558.08 NOTE
r-devel-linux-x86_64-debian-gcc 0.3.11 39.38 275.61 314.99 NOTE
r-devel-linux-x86_64-fedora-clang 0.3.11 842.74 NOTE
r-devel-linux-x86_64-fedora-gcc 0.3.11 837.04 NOTE
r-devel-windows-x86_64 0.3.11 54.00 635.00 689.00 NOTE
r-patched-linux-x86_64 0.3.11 56.49 455.29 511.78 NOTE
r-release-linux-x86_64 0.3.11 56.12 451.91 508.03 NOTE
r-release-macos-arm64 0.3.11 254.00 NOTE
r-release-macos-x86_64 0.3.11 474.00 NOTE
r-release-windows-x86_64 0.3.11 55.00 632.00 687.00 NOTE
r-oldrel-macos-arm64 0.3.11 225.00 NOTE
r-oldrel-macos-x86_64 0.3.11 437.00 NOTE
r-oldrel-windows-x86_64 0.3.11 68.00 799.00 867.00 OK

Check Details

Version: 0.3.11
Check: DESCRIPTION meta-information
Result: NOTE Missing dependency on R >= 4.1.0 because package code uses the pipe |> or function shorthand \(...) syntax added in R 4.1.0. File(s) using such syntax: ‘cleaning.R’ Flavors: r-devel-linux-x86_64-debian-clang, r-devel-linux-x86_64-debian-gcc, r-devel-linux-x86_64-fedora-clang, r-devel-linux-x86_64-fedora-gcc, r-devel-windows-x86_64, r-patched-linux-x86_64, r-release-linux-x86_64, r-release-macos-arm64, r-release-macos-x86_64, r-release-windows-x86_64

Version: 0.3.11
Check: examples
Result: NOTE Examples with CPU (user + system) or elapsed time > 5s user system elapsed get_dep 5.536 0.164 6.742 Flavor: r-devel-linux-x86_64-debian-clang

Version: 0.3.11
Check: examples
Result: NOTE Examples with CPU (user + system) or elapsed time > 5s user system elapsed get_dep 4.054 0.22 6.229 Flavor: r-devel-linux-x86_64-debian-gcc

Version: 0.3.11
Check: installed package size
Result: NOTE installed size is 10.4Mb sub-directories of 1Mb or more: data 1.2Mb doc 2.2Mb libs 6.9Mb Flavors: r-oldrel-macos-arm64, r-oldrel-macos-x86_64