CRAN Package Check Results for Package crandep

Last updated on 2024-06-13 00:55:10 CEST.

Flavor Version Tinstall Tcheck Ttotal Status Flags
r-devel-linux-x86_64-debian-clang 0.3.9 83.63 547.62 631.25 OK
r-devel-linux-x86_64-debian-gcc 0.3.9 0.60 1.79 2.39 ERROR
r-devel-linux-x86_64-fedora-clang 0.3.9 783.83 OK
r-devel-linux-x86_64-fedora-gcc 0.3.9 761.75 OK
r-devel-windows-x86_64 0.3.9 65.00 572.00 637.00 OK
r-patched-linux-x86_64 0.3.9 76.43 523.89 600.32 OK
r-release-linux-x86_64 0.3.9 74.66 527.37 602.03 OK
r-release-macos-arm64 0.3.9 222.00 NOTE
r-release-macos-x86_64 0.3.9 588.00 NOTE
r-release-windows-x86_64 0.3.9 68.00 575.00 643.00 OK
r-oldrel-macos-arm64 0.3.9 379.00 NOTE
r-oldrel-macos-x86_64 0.3.9 961.00 NOTE
r-oldrel-windows-x86_64 0.3.9 82.00 649.00 731.00 OK

Check Details

Version: 0.3.9
Check: package dependencies
Result: ERROR Packages required but not available: 'rvest', 'stringr', 'dplyr', 'igraph' Packages suggested but not available for checking: 'ggplot2', 'tibble' See section ‘The DESCRIPTION file’ in the ‘Writing R Extensions’ manual. Flavor: r-devel-linux-x86_64-debian-gcc

Version: 0.3.9
Check: installed package size
Result: NOTE installed size is 9.1Mb sub-directories of 1Mb or more: data 1.2Mb doc 2.2Mb libs 5.5Mb Flavors: r-release-macos-arm64, r-release-macos-x86_64, r-oldrel-macos-arm64, r-oldrel-macos-x86_64