CRAN Package Check Results for Package cranlike

Last updated on 2023-09-23 00:53:50 CEST.

Flavor Version Tinstall Tcheck Ttotal Status Flags
r-devel-linux-x86_64-debian-clang 1.0.2 4.86 46.53 51.39 NOTE
r-devel-linux-x86_64-debian-gcc 1.0.2 3.26 36.09 39.35 NOTE
r-devel-linux-x86_64-fedora-clang 1.0.2 62.95 NOTE
r-devel-linux-x86_64-fedora-gcc 1.0.2 64.12 NOTE
r-devel-windows-x86_64 1.0.2 7.00 58.00 65.00 NOTE
r-patched-linux-x86_64 1.0.2 4.87 45.47 50.34 NOTE
r-release-linux-x86_64 1.0.2 4.44 46.32 50.76 NOTE
r-release-macos-arm64 1.0.2 23.00 NOTE
r-release-macos-x86_64 1.0.2 32.00 NOTE
r-release-windows-x86_64 1.0.2 7.00 62.00 69.00 NOTE
r-oldrel-macos-arm64 1.0.2 23.00 NOTE
r-oldrel-macos-x86_64 1.0.2 31.00 NOTE
r-oldrel-windows-x86_64 1.0.2 8.00 64.00 72.00 NOTE

Check Details

Version: 1.0.2
Check: LazyData
Result: NOTE
     'LazyData' is specified without a 'data' directory
Flavors: r-devel-linux-x86_64-debian-clang, r-devel-linux-x86_64-debian-gcc, r-devel-linux-x86_64-fedora-clang, r-devel-linux-x86_64-fedora-gcc, r-devel-windows-x86_64, r-patched-linux-x86_64, r-release-linux-x86_64, r-release-macos-arm64, r-release-macos-x86_64, r-release-windows-x86_64, r-oldrel-macos-arm64, r-oldrel-macos-x86_64, r-oldrel-windows-x86_64