CRAN Package Check Results for Package critpath

Last updated on 2021-10-19 00:49:13 CEST.

Flavor Version Tinstall Tcheck Ttotal Status Flags
r-devel-linux-x86_64-debian-clang 0.1.4 6.36 82.30 88.66 OK
r-devel-linux-x86_64-debian-gcc 0.1.4 5.69 62.44 68.13 OK
r-devel-linux-x86_64-fedora-clang 0.1.4 118.11 NOTE
r-devel-linux-x86_64-fedora-gcc 0.1.4 105.10 OK
r-devel-windows-x86_64 0.1.4 12.00 110.00 122.00 NOTE
r-devel-windows-x86_64-gcc10-UCRT 0.1.4 OK
r-patched-linux-x86_64 0.1.4 6.39 79.96 86.35 OK
r-patched-solaris-x86 0.1.4 130.80 NOTE
r-release-linux-x86_64 0.1.4 7.29 79.97 87.26 OK
r-release-macos-arm64 0.1.4 NOTE
r-release-macos-x86_64 0.1.4 NOTE
r-release-windows-ix86+x86_64 0.1.4 19.00 112.00 131.00 NOTE
r-oldrel-macos-x86_64 0.1.4 NOTE
r-oldrel-windows-ix86+x86_64 0.1.4 17.00 112.00 129.00 NOTE

Check Details

Version: 0.1.4
Check: installed package size
Result: NOTE
     installed size is 5.8Mb
     sub-directories of 1Mb or more:
     doc 5.6Mb
Flavors: r-devel-linux-x86_64-fedora-clang, r-devel-windows-x86_64, r-patched-solaris-x86, r-release-macos-arm64, r-release-macos-x86_64, r-release-windows-ix86+x86_64, r-oldrel-macos-x86_64, r-oldrel-windows-ix86+x86_64