CRAN Package Check Results for Package cropgrowdays

Last updated on 2024-07-23 00:54:25 CEST.

Flavor Version Tinstall Tcheck Ttotal Status Flags
r-devel-linux-x86_64-debian-clang 0.2.1 7.38 78.79 86.17 OK
r-devel-linux-x86_64-debian-gcc 0.2.1 5.41 58.01 63.42 NOTE
r-devel-linux-x86_64-fedora-clang 0.2.1 107.63 OK
r-devel-linux-x86_64-fedora-gcc 0.2.1 112.72 OK
r-devel-windows-x86_64 0.2.1 9.00 78.00 87.00 NOTE
r-patched-linux-x86_64 0.2.1 11.57 73.24 84.81 OK
r-release-linux-x86_64 0.2.1 4.93 73.26 78.19 OK
r-release-macos-arm64 0.2.1 38.00 OK
r-release-macos-x86_64 0.2.1 59.00 OK
r-release-windows-x86_64 0.2.1 7.00 76.00 83.00 OK
r-oldrel-macos-arm64 0.2.1 50.00 OK
r-oldrel-macos-x86_64 0.2.1 88.00 OK
r-oldrel-windows-x86_64 0.2.1 8.00 85.00 93.00 OK

Check Details

Version: 0.2.1
Check: Rd cross-references
Result: NOTE Found the following Rd file(s) with Rd \link{} targets missing package anchors: get_multi_silodata.Rd: tibble Please provide package anchors for all Rd \link{} targets not in the package itself and the base packages. Flavors: r-devel-linux-x86_64-debian-gcc, r-devel-windows-x86_64