CRAN Package Check Results for Package crs

Last updated on 2021-10-23 00:48:50 CEST.

Flavor Version Tinstall Tcheck Ttotal Status Flags
r-devel-linux-x86_64-debian-clang 0.15-33 235.26 224.20 459.46 OK
r-devel-linux-x86_64-debian-gcc 0.15-33 205.71 176.35 382.06 OK
r-devel-linux-x86_64-fedora-clang 0.15-33 759.66 NOTE
r-devel-linux-x86_64-fedora-gcc 0.15-33 666.01 OK
r-devel-windows-x86_64 0.15-33 335.00 166.00 501.00 OK --no-vignettes
r-devel-windows-x86_64-gcc10-UCRT 0.15-33 OK
r-patched-linux-x86_64 0.15-33 243.15 226.74 469.89 OK
r-patched-solaris-x86 0.15-33 969.00 NOTE
r-release-linux-x86_64 0.15-33 236.34 226.11 462.45 OK
r-release-macos-arm64 0.15-33 NOTE
r-release-macos-x86_64 0.15-33 NOTE
r-release-windows-ix86+x86_64 0.15-33 463.00 196.00 659.00 NOTE --no-vignettes
r-oldrel-macos-x86_64 0.15-33 NOTE
r-oldrel-windows-ix86+x86_64 0.15-33 652.00 224.00 876.00 NOTE --no-vignettes

Check Details

Version: 0.15-33
Check: installed package size
Result: NOTE
     installed size is 21.3Mb
     sub-directories of 1Mb or more:
     libs 19.6Mb
Flavors: r-devel-linux-x86_64-fedora-clang, r-patched-solaris-x86, r-release-macos-arm64, r-release-macos-x86_64, r-oldrel-macos-x86_64

Version: 0.15-33
Flags: --no-vignettes
Check: installed package size
Result: NOTE
     installed size is 8.2Mb
     sub-directories of 1Mb or more:
     libs 6.6Mb
Flavors: r-release-windows-ix86+x86_64, r-oldrel-windows-ix86+x86_64