CRAN Package Check Results for Package crsra

Last updated on 2021-10-26 00:59:48 CEST.

Flavor Version Tinstall Tcheck Ttotal Status Flags
r-devel-linux-x86_64-debian-clang 0.2.3 11.57 104.01 115.58 OK
r-devel-linux-x86_64-debian-gcc 0.2.3 9.35 76.86 86.21 OK
r-devel-linux-x86_64-fedora-clang 0.2.3 148.35 NOTE
r-devel-linux-x86_64-fedora-gcc 0.2.3 133.43 NOTE
r-devel-windows-x86_64 0.2.3 17.00 124.00 141.00 ERROR
r-devel-windows-x86_64-gcc10-UCRT 0.2.3 ERROR
r-patched-linux-x86_64 0.2.3 13.91 97.51 111.42 OK
r-patched-solaris-x86 0.2.3 197.60 NOTE
r-release-linux-x86_64 0.2.3 8.02 97.82 105.84 OK
r-release-macos-arm64 0.2.3 NOTE
r-release-macos-x86_64 0.2.3 NOTE
r-release-windows-ix86+x86_64 0.2.3 19.00 128.00 147.00 ERROR
r-oldrel-macos-x86_64 0.2.3 NOTE
r-oldrel-windows-ix86+x86_64 0.2.3 25.00 125.00 150.00 ERROR

Check Details

Version: 0.2.3
Check: data for non-ASCII characters
Result: NOTE
     Note: found 500 marked UTF-8 strings
Flavors: r-devel-linux-x86_64-fedora-clang, r-devel-linux-x86_64-fedora-gcc, r-devel-windows-x86_64-gcc10-UCRT, r-patched-solaris-x86, r-release-macos-arm64, r-release-macos-x86_64, r-oldrel-macos-x86_64

Version: 0.2.3
Check: examples
Result: ERROR
    Running examples in 'crsra-Ex.R' failed
    The error most likely occurred in:
    
    > ### Name: crsra_import_course
    > ### Title: Imports all the .csv files into one list consisting of all the
    > ### tables within the course.
    > ### Aliases: crsra_import_course
    >
    > ### ** Examples
    >
    > zip_file = system.file("extdata", "fake_course_7051862327916.zip",
    + package = "crsra")
    > bn = basename(zip_file)
    > bn = sub("[.]zip$", "", bn)
    > res = unzip(zip_file, exdir = tempdir(), overwrite = TRUE)
    Error in unzip(zip_file, exdir = tempdir(), overwrite = TRUE) :
     cannot open file 'D:/temp/RtmpojuG3L/fake_course_7051862327916/programming_submission_part_grid_grading_statuses.csv': Invalid argument
    Execution halted
Flavor: r-devel-windows-x86_64

Version: 0.2.3
Check: examples
Result: ERROR
    Running examples in 'crsra-Ex.R' failed
    The error most likely occurred in:
    
    > ### Name: crsra_import_course
    > ### Title: Imports all the .csv files into one list consisting of all the
    > ### tables within the course.
    > ### Aliases: crsra_import_course
    >
    > ### ** Examples
    >
    > zip_file = system.file("extdata", "fake_course_7051862327916.zip",
    + package = "crsra")
    > bn = basename(zip_file)
    > bn = sub("[.]zip$", "", bn)
    > res = unzip(zip_file, exdir = tempdir(), overwrite = TRUE)
    Error in unzip(zip_file, exdir = tempdir(), overwrite = TRUE) :
     cannot open file 'C:/r_packages/pkgcheck/CRAN/crsra/tmp/RtmpsFoPIq/fake_course_7051862327916/programming_submission_part_grid_grading_statuses.csv': Invalid argument
    Execution halted
Flavor: r-devel-windows-x86_64-gcc10-UCRT

Version: 0.2.3
Check: examples
Result: ERROR
    Running examples in 'crsra-Ex.R' failed
    The error most likely occurred in:
    
    > ### Name: crsra_import_course
    > ### Title: Imports all the .csv files into one list consisting of all the
    > ### tables within the course.
    > ### Aliases: crsra_import_course
    >
    > ### ** Examples
    >
    > zip_file = system.file("extdata", "fake_course_7051862327916.zip",
    + package = "crsra")
    > bn = basename(zip_file)
    > bn = sub("[.]zip$", "", bn)
    > res = unzip(zip_file, exdir = tempdir(), overwrite = TRUE)
    Error in unzip(zip_file, exdir = tempdir(), overwrite = TRUE) :
     cannot open file 'D:/temp/RtmpcBWMO3/fake_course_7051862327916/programming_submission_part_grid_grading_statuses.csv': Invalid argument
    Execution halted
Flavor: r-release-windows-ix86+x86_64

Version: 0.2.3
Check: examples
Result: ERROR
    Running examples in 'crsra-Ex.R' failed
    The error most likely occurred in:
    
    > ### Name: crsra_import_course
    > ### Title: Imports all the .csv files into one list consisting of all the
    > ### tables within the course.
    > ### Aliases: crsra_import_course
    >
    > ### ** Examples
    >
    > zip_file = system.file("extdata", "fake_course_7051862327916.zip",
    + package = "crsra")
    > bn = basename(zip_file)
    > bn = sub("[.]zip$", "", bn)
    > res = unzip(zip_file, exdir = tempdir(), overwrite = TRUE)
    Error in unzip(zip_file, exdir = tempdir(), overwrite = TRUE) :
     cannot open file 'D:/temp/RtmpMDnG2O/fake_course_7051862327916/programming_submission_part_grid_grading_statuses.csv': Invalid argument
    Execution halted
Flavor: r-oldrel-windows-ix86+x86_64