CRAN Package Check Results for Package csampling

Last updated on 2021-11-30 00:51:26 CET.

Flavor Version Tinstall Tcheck Ttotal Status Flags
r-devel-linux-x86_64-debian-clang 1.2-2.1 7.23 61.16 68.39 NOTE
r-devel-linux-x86_64-debian-gcc 1.2-2.1 5.80 48.44 54.24 NOTE
r-devel-linux-x86_64-fedora-clang 1.2-2.1 93.52 NOTE
r-devel-linux-x86_64-fedora-gcc 1.2-2.1 84.72 NOTE
r-devel-windows-x86_64-new-UL 1.2-2.1 13.00 101.00 114.00 NOTE
r-devel-windows-x86_64-new-TK 1.2-2.1 NOTE
r-devel-windows-x86_64-old 1.2-2.1 11.00 62.00 73.00 NOTE
r-patched-linux-x86_64 1.2-2.1 7.72 60.07 67.79 NOTE
r-patched-solaris-x86 1.2-2.1 122.30 NOTE
r-release-linux-x86_64 1.2-2.1 7.09 59.80 66.89 NOTE
r-release-macos-arm64 1.2-2.1 NOTE
r-release-macos-x86_64 1.2-2.1 NOTE
r-release-windows-ix86+x86_64 1.2-2.1 17.00 59.00 76.00 NOTE
r-oldrel-macos-x86_64 1.2-2.1 OK
r-oldrel-windows-ix86+x86_64 1.2-2.1 11.00 77.00 88.00 OK

Check Details

Version: 1.2-2.1
Check: LazyData
Result: NOTE
     'LazyData' is specified without a 'data' directory
Flavors: r-devel-linux-x86_64-debian-clang, r-devel-linux-x86_64-debian-gcc, r-devel-linux-x86_64-fedora-clang, r-devel-linux-x86_64-fedora-gcc, r-devel-windows-x86_64-new-UL, r-devel-windows-x86_64-new-TK, r-devel-windows-x86_64-old, r-patched-linux-x86_64, r-patched-solaris-x86, r-release-linux-x86_64, r-release-macos-arm64, r-release-macos-x86_64, r-release-windows-ix86+x86_64