CRAN Package Check Results for Package cusp

Last updated on 2021-10-20 00:49:36 CEST.

Flavor Version Tinstall Tcheck Ttotal Status Flags
r-devel-linux-x86_64-debian-clang 2.3.3 5.16 85.77 90.93 OK
r-devel-linux-x86_64-debian-gcc 2.3.3 4.72 61.84 66.56 OK
r-devel-linux-x86_64-fedora-clang 2.3.3 124.32 NOTE
r-devel-linux-x86_64-fedora-gcc 2.3.3 116.67 NOTE
r-devel-windows-x86_64 2.3.3 10.00 149.00 159.00 OK
r-devel-windows-x86_64-gcc10-UCRT 2.3.3 OK
r-patched-linux-x86_64 2.3.3 5.47 85.98 91.45 OK
r-patched-solaris-x86 2.3.3 167.50 OK
r-release-linux-x86_64 2.3.3 5.60 87.33 92.93 OK
r-release-macos-arm64 2.3.3 OK
r-release-macos-x86_64 2.3.3 OK
r-release-windows-ix86+x86_64 2.3.3 9.00 181.00 190.00 OK
r-oldrel-macos-x86_64 2.3.3 OK
r-oldrel-windows-ix86+x86_64 2.3.3 13.00 183.00 196.00 OK

Check Details

Version: 2.3.3
Check: compiled code
Result: NOTE
    File ‘cusp/libs/cusp.so’:
     Found no calls to: ‘R_registerRoutines’, ‘R_useDynamicSymbols’
    
    It is good practice to register native routines and to disable symbol
    search.
    
    See ‘Writing portable packages’ in the ‘Writing R Extensions’ manual.
Flavors: r-devel-linux-x86_64-fedora-clang, r-devel-linux-x86_64-fedora-gcc