CRAN Package Check Results for Package cusum

Last updated on 2024-06-22 00:57:56 CEST.

Flavor Version Tinstall Tcheck Ttotal Status Flags
r-devel-linux-x86_64-debian-clang 0.4.1 25.22 108.21 133.43 NOTE
r-devel-linux-x86_64-debian-gcc 0.4.1 15.28 74.46 89.74 NOTE
r-devel-linux-x86_64-fedora-clang 0.4.1 171.83 NOTE
r-devel-linux-x86_64-fedora-gcc 0.4.1 178.39 NOTE
r-devel-windows-x86_64 0.4.1 18.00 104.00 122.00 NOTE
r-patched-linux-x86_64 0.4.1 20.99 101.75 122.74 NOTE
r-release-linux-x86_64 0.4.1 21.35 101.11 122.46 NOTE
r-release-macos-arm64 0.4.1 48.00 NOTE
r-release-macos-x86_64 0.4.1 72.00 NOTE
r-release-windows-x86_64 0.4.1 18.00 106.00 124.00 NOTE
r-oldrel-macos-arm64 0.4.1 52.00 NOTE
r-oldrel-macos-x86_64 0.4.1 84.00 NOTE
r-oldrel-windows-x86_64 0.4.1 20.00 123.00 143.00 NOTE

Check Details

Version: 0.4.1
Check: C++ specification
Result: NOTE Specified C++11: please drop specification unless essential Flavors: r-devel-linux-x86_64-debian-clang, r-devel-linux-x86_64-debian-gcc, r-devel-linux-x86_64-fedora-clang, r-devel-linux-x86_64-fedora-gcc, r-devel-windows-x86_64, r-patched-linux-x86_64, r-release-linux-x86_64, r-release-macos-arm64, r-release-macos-x86_64, r-release-windows-x86_64, r-oldrel-macos-arm64, r-oldrel-macos-x86_64, r-oldrel-windows-x86_64