CRAN Package Check Results for Package cvmdisc

Last updated on 2021-10-28 00:48:41 CEST.

Flavor Version Tinstall Tcheck Ttotal Status Flags
r-devel-linux-x86_64-debian-clang 0.1.0 3.25 42.49 45.74 NOTE
r-devel-linux-x86_64-debian-gcc 0.1.0 2.43 31.78 34.21 NOTE
r-devel-linux-x86_64-fedora-clang 0.1.0 64.73 NOTE
r-devel-linux-x86_64-fedora-gcc 0.1.0 53.50 NOTE
r-devel-windows-x86_64 0.1.0 5.00 65.00 70.00 NOTE
r-devel-windows-x86_64-gcc10-UCRT 0.1.0 NOTE
r-patched-linux-x86_64 0.1.0 2.86 40.10 42.96 NOTE
r-patched-solaris-x86 0.1.0 80.30 NOTE
r-release-linux-x86_64 0.1.0 2.78 40.56 43.34 NOTE
r-release-macos-arm64 0.1.0 NOTE
r-release-macos-x86_64 0.1.0 NOTE
r-release-windows-ix86+x86_64 0.1.0 6.00 62.00 68.00 NOTE
r-oldrel-macos-x86_64 0.1.0 OK
r-oldrel-windows-ix86+x86_64 0.1.0 6.00 61.00 67.00 OK

Check Details

Version: 0.1.0
Check: LazyData
Result: NOTE
     'LazyData' is specified without a 'data' directory
Flavors: r-devel-linux-x86_64-debian-clang, r-devel-linux-x86_64-debian-gcc, r-devel-linux-x86_64-fedora-clang, r-devel-linux-x86_64-fedora-gcc, r-devel-windows-x86_64, r-devel-windows-x86_64-gcc10-UCRT, r-patched-linux-x86_64, r-patched-solaris-x86, r-release-linux-x86_64, r-release-macos-arm64, r-release-macos-x86_64, r-release-windows-ix86+x86_64