CRAN Package Check Results for Package cyclomort

Last updated on 2024-06-13 00:55:10 CEST.

Flavor Version Tinstall Tcheck Ttotal Status Flags
r-devel-linux-x86_64-debian-clang 1.0.2 13.50 225.25 238.75 NOTE
r-devel-linux-x86_64-debian-gcc 1.0.2 0.38 1.84 2.22 ERROR
r-devel-linux-x86_64-fedora-clang 1.0.2 295.22 NOTE
r-devel-linux-x86_64-fedora-gcc 1.0.2 285.51 NOTE
r-devel-windows-x86_64 1.0.2 11.00 177.00 188.00 NOTE
r-patched-linux-x86_64 1.0.2 12.99 214.45 227.44 NOTE
r-release-linux-x86_64 1.0.2 12.52 217.15 229.67 NOTE
r-release-macos-arm64 1.0.2 83.00 NOTE
r-release-macos-x86_64 1.0.2 134.00 NOTE
r-release-windows-x86_64 1.0.2 13.00 179.00 192.00 NOTE
r-oldrel-macos-arm64 1.0.2 87.00 NOTE
r-oldrel-macos-x86_64 1.0.2 154.00 NOTE
r-oldrel-windows-x86_64 1.0.2 17.00 212.00 229.00 NOTE

Check Details

Version: 1.0.2
Check: package subdirectories
Result: NOTE Problems with news in ‘NEWS.md’: No news entries found. Flavors: r-devel-linux-x86_64-debian-clang, r-devel-linux-x86_64-fedora-clang, r-devel-linux-x86_64-fedora-gcc, r-devel-windows-x86_64, r-patched-linux-x86_64, r-release-linux-x86_64, r-release-macos-arm64, r-release-macos-x86_64, r-release-windows-x86_64, r-oldrel-macos-arm64, r-oldrel-macos-x86_64, r-oldrel-windows-x86_64

Version: 1.0.2
Check: package dependencies
Result: ERROR Packages required but not available: 'flexsurv', 'lubridate' Package suggested but not available for checking: ‘ggplot2’ See section ‘The DESCRIPTION file’ in the ‘Writing R Extensions’ manual. Flavor: r-devel-linux-x86_64-debian-gcc