CRAN Package Check Results for Package cytominer

Last updated on 2021-10-26 00:59:48 CEST.

Flavor Version Tinstall Tcheck Ttotal Status Flags
r-devel-linux-x86_64-debian-clang 0.2.2 8.23 115.04 123.27 NOTE
r-devel-linux-x86_64-debian-gcc 0.2.2 6.88 87.56 94.44 NOTE
r-devel-linux-x86_64-fedora-clang 0.2.2 163.39 NOTE
r-devel-linux-x86_64-fedora-gcc 0.2.2 143.05 NOTE
r-devel-windows-x86_64 0.2.2 13.00 159.00 172.00 NOTE
r-devel-windows-x86_64-gcc10-UCRT 0.2.2 NOTE
r-patched-linux-x86_64 0.2.2 8.08 110.24 118.32 NOTE
r-patched-solaris-x86 0.2.2 191.90 NOTE
r-release-linux-x86_64 0.2.2 7.99 109.59 117.58 NOTE
r-release-macos-arm64 0.2.2 NOTE
r-release-macos-x86_64 0.2.2 NOTE
r-release-windows-ix86+x86_64 0.2.2 13.00 146.00 159.00 NOTE
r-oldrel-macos-x86_64 0.2.2 OK
r-oldrel-windows-ix86+x86_64 0.2.2 18.00 148.00 166.00 OK

Check Details

Version: 0.2.2
Check: LazyData
Result: NOTE
     'LazyData' is specified without a 'data' directory
Flavors: r-devel-linux-x86_64-debian-clang, r-devel-linux-x86_64-debian-gcc, r-devel-linux-x86_64-fedora-clang, r-devel-linux-x86_64-fedora-gcc, r-devel-windows-x86_64, r-devel-windows-x86_64-gcc10-UCRT, r-patched-linux-x86_64, r-patched-solaris-x86, r-release-linux-x86_64, r-release-macos-arm64, r-release-macos-x86_64, r-release-windows-ix86+x86_64