Last updated on 2023-06-05 00:55:21 CEST.
Flavor | Version | Tinstall | Tcheck | Ttotal | Status | Flags |
---|---|---|---|---|---|---|
r-devel-linux-x86_64-debian-clang | 0.3.0 | 35.08 | 238.67 | 273.75 | OK | |
r-devel-linux-x86_64-debian-gcc | 0.3.0 | 21.36 | 174.16 | 195.52 | OK | |
r-devel-linux-x86_64-fedora-clang | 0.3.0 | 298.61 | NOTE | |||
r-devel-linux-x86_64-fedora-gcc | 0.3.0 | 301.03 | NOTE | |||
r-devel-windows-x86_64 | 0.3.0 | 12.00 | 219.00 | 231.00 | OK | |
r-patched-linux-x86_64 | 0.3.0 | 36.67 | 226.91 | 263.58 | OK | |
r-release-linux-x86_64 | 0.3.0 | 26.33 | 230.66 | 256.99 | OK | |
r-release-macos-arm64 | 0.3.0 | 101.00 | OK | |||
r-release-macos-x86_64 | 0.3.0 | 163.00 | OK | |||
r-release-windows-x86_64 | 0.3.0 | 14.00 | 270.00 | 284.00 | OK | |
r-oldrel-macos-arm64 | 0.3.0 | 92.00 | NOTE | |||
r-oldrel-macos-x86_64 | 0.3.0 | 211.00 | NOTE | |||
r-oldrel-windows-x86_64 | 0.3.0 | 13.00 | 256.00 | 269.00 | OK |
Version: 0.3.0
Check: dependencies in R code
Result: NOTE
Namespaces in Imports field not imported from:
‘plyr’ ‘simpleboot’
All declared Imports should be used.
Flavors: r-devel-linux-x86_64-fedora-clang, r-devel-linux-x86_64-fedora-gcc, r-oldrel-macos-arm64, r-oldrel-macos-x86_64