CRAN Package Check Results for Package dabestr

Last updated on 2024-06-14 00:53:39 CEST.

Flavor Version Tinstall Tcheck Ttotal Status Flags
r-devel-linux-x86_64-debian-clang 2023.9.12 8.06 415.79 423.85 OK
r-devel-linux-x86_64-debian-gcc 2023.9.12 0.76 1.67 2.43 ERROR
r-devel-linux-x86_64-fedora-clang 2023.9.12 501.69 OK
r-devel-linux-x86_64-fedora-gcc 2023.9.12 484.12 OK
r-devel-windows-x86_64 2023.9.12 9.00 276.00 285.00 OK
r-patched-linux-x86_64 2023.9.12 10.24 391.73 401.97 OK
r-release-linux-x86_64 2023.9.12 7.68 389.08 396.76 OK
r-release-macos-arm64 2023.9.12 131.00 OK
r-release-macos-x86_64 2023.9.12 210.00 OK
r-release-windows-x86_64 2023.9.12 10.00 274.00 284.00 OK
r-oldrel-macos-arm64 2023.9.12 144.00 OK
r-oldrel-macos-x86_64 2023.9.12 313.00 OK
r-oldrel-windows-x86_64 2023.9.12 11.00 347.00 358.00 OK

Check Details

Version: 2023.9.12
Check: package dependencies
Result: ERROR Packages required but not available: 'ggplot2', 'cowplot', 'tidyr', 'dplyr', 'tibble', 'ggbeeswarm', 'ggsci', 'stringr' Packages suggested but not available for checking: 'testthat', 'vdiffr', 'kableExtra' VignetteBuilder package required for checking but not installed: ‘kableExtra’ See section ‘The DESCRIPTION file’ in the ‘Writing R Extensions’ manual. Flavor: r-devel-linux-x86_64-debian-gcc