CRAN Package Check Results for Package dagitty

Last updated on 2023-02-03 00:50:56 CET.

Flavor Version Tinstall Tcheck Ttotal Status Flags
r-devel-linux-x86_64-debian-clang 0.3-1 5.73 58.00 63.73 NOTE
r-devel-linux-x86_64-debian-gcc 0.3-1 3.47 44.83 48.30 NOTE
r-devel-linux-x86_64-fedora-clang 0.3-1 81.19 NOTE
r-devel-linux-x86_64-fedora-gcc 0.3-1 89.49 NOTE
r-devel-windows-x86_64 0.3-1 51.00 100.00 151.00 NOTE
r-patched-linux-x86_64 0.3-1 4.81 55.79 60.60 NOTE
r-release-linux-x86_64 0.3-1 6.02 56.95 62.97 NOTE
r-release-macos-arm64 0.3-1 27.00 NOTE
r-release-macos-x86_64 0.3-1 40.00 NOTE
r-release-windows-x86_64 0.3-1 34.00 90.00 124.00 NOTE
r-oldrel-macos-arm64 0.3-1 30.00 NOTE
r-oldrel-macos-x86_64 0.3-1 49.00 NOTE
r-oldrel-windows-ix86+x86_64 0.3-1 15.00 93.00 108.00 NOTE

Check Details

Version: 0.3-1
Check: LazyData
Result: NOTE
     'LazyData' is specified without a 'data' directory
Flavors: r-devel-linux-x86_64-debian-clang, r-devel-linux-x86_64-debian-gcc, r-devel-linux-x86_64-fedora-clang, r-devel-linux-x86_64-fedora-gcc, r-devel-windows-x86_64, r-patched-linux-x86_64, r-release-linux-x86_64, r-release-macos-arm64, r-release-macos-x86_64, r-release-windows-x86_64, r-oldrel-macos-arm64, r-oldrel-macos-x86_64, r-oldrel-windows-ix86+x86_64