Last updated on 2023-03-22 00:52:18 CET.
Flavor | Version | Tinstall | Tcheck | Ttotal | Status | Flags |
---|---|---|---|---|---|---|
r-devel-linux-x86_64-debian-clang | 0.1.4 | 3.15 | 38.80 | 41.95 | OK | |
r-devel-linux-x86_64-debian-gcc | 0.1.4 | 2.47 | 30.45 | 32.92 | OK | |
r-devel-linux-x86_64-fedora-clang | 0.1.4 | 54.46 | OK | |||
r-devel-linux-x86_64-fedora-gcc | 0.1.4 | 49.21 | OK | |||
r-devel-windows-x86_64 | 0.1.4 | 9.00 | 62.00 | 71.00 | OK | |
r-patched-linux-x86_64 | 0.1.4 | 3.22 | 41.05 | 44.27 | OK | |
r-release-linux-x86_64 | 0.1.4 | 2.91 | 39.56 | 42.47 | OK | |
r-release-macos-arm64 | 0.1.4 | 19.00 | OK | |||
r-release-macos-x86_64 | 0.1.4 | 27.00 | OK | |||
r-release-windows-x86_64 | 0.1.4 | 9.00 | 64.00 | 73.00 | OK | |
r-oldrel-macos-arm64 | 0.1.4 | 20.00 | OK | |||
r-oldrel-macos-x86_64 | 0.1.4 | 27.00 | OK | |||
r-oldrel-windows-ix86+x86_64 | 0.1.4 | 11.00 | 77.00 | 88.00 | NOTE |
Version: 0.1.4
Check: R code for possible problems
Result: NOTE
Initiating curl with CURL_SSL_BACKEND: openssl
Flavor: r-oldrel-windows-ix86+x86_64