CRAN Package Check Results for Package daiR

Last updated on 2021-10-24 00:50:54 CEST.

Flavor Version Tinstall Tcheck Ttotal Status Flags
r-devel-linux-x86_64-debian-clang 0.9.0 4.67 66.23 70.90 OK
r-devel-linux-x86_64-debian-gcc 0.9.0 3.35 50.30 53.65 OK
r-devel-linux-x86_64-fedora-clang 0.9.0 97.36 NOTE
r-devel-linux-x86_64-fedora-gcc 0.9.0 81.99 NOTE
r-devel-windows-x86_64 0.9.0 7.00 105.00 112.00 OK
r-devel-windows-x86_64-gcc10-UCRT 0.9.0 NOTE
r-patched-linux-x86_64 0.9.0 4.55 67.04 71.59 OK
r-patched-solaris-x86 0.9.0 108.90 NOTE
r-release-linux-x86_64 0.9.0 4.09 66.23 70.32 OK
r-release-macos-arm64 0.9.0 NOTE
r-release-macos-x86_64 0.9.0 NOTE
r-release-windows-ix86+x86_64 0.9.0 8.00 83.00 91.00 OK
r-oldrel-macos-x86_64 0.9.0 NOTE
r-oldrel-windows-ix86+x86_64 0.9.0 9.00 91.00 100.00 OK

Check Details

Version: 0.9.0
Check: dependencies in R code
Result: NOTE
    Namespaces in Imports field not imported from:
     ‘curl’ ‘fs’ ‘googleCloudStorageR’
     All declared Imports should be used.
Flavors: r-devel-linux-x86_64-fedora-clang, r-devel-linux-x86_64-fedora-gcc, r-devel-windows-x86_64-gcc10-UCRT, r-patched-solaris-x86, r-release-macos-arm64, r-release-macos-x86_64, r-oldrel-macos-x86_64