CRAN Package Check Results for Package dam

Last updated on 2021-10-17 00:48:34 CEST.

Flavor Version Tinstall Tcheck Ttotal Status Flags
r-devel-linux-x86_64-debian-clang 0.0.1 1.73 18.77 20.50 NOTE
r-devel-linux-x86_64-debian-gcc 0.0.1 1.42 15.03 16.45 NOTE
r-devel-linux-x86_64-fedora-clang 0.0.1 35.60 NOTE
r-devel-linux-x86_64-fedora-gcc 0.0.1 24.85 NOTE
r-devel-windows-x86_64 0.0.1 2.00 25.00 27.00 NOTE
r-devel-windows-x86_64-gcc10-UCRT 0.0.1 NOTE
r-patched-linux-x86_64 0.0.1 1.67 18.65 20.32 NOTE
r-patched-solaris-x86 0.0.1 39.70 NOTE
r-release-linux-x86_64 0.0.1 1.60 18.41 20.01 NOTE
r-release-macos-arm64 0.0.1 NOTE
r-release-macos-x86_64 0.0.1 NOTE
r-release-windows-ix86+x86_64 0.0.1 4.00 23.00 27.00 NOTE
r-oldrel-macos-x86_64 0.0.1 OK
r-oldrel-windows-ix86+x86_64 0.0.1 3.00 23.00 26.00 OK

Check Details

Version: 0.0.1
Check: LazyData
Result: NOTE
     'LazyData' is specified without a 'data' directory
Flavors: r-devel-linux-x86_64-debian-clang, r-devel-linux-x86_64-debian-gcc, r-devel-linux-x86_64-fedora-clang, r-devel-linux-x86_64-fedora-gcc, r-devel-windows-x86_64, r-devel-windows-x86_64-gcc10-UCRT, r-patched-linux-x86_64, r-patched-solaris-x86, r-release-linux-x86_64, r-release-macos-arm64, r-release-macos-x86_64, r-release-windows-ix86+x86_64