Last updated on 2023-09-24 00:56:39 CEST.
Flavor | Version | Tinstall | Tcheck | Ttotal | Status | Flags |
---|---|---|---|---|---|---|
r-devel-linux-x86_64-debian-clang | 1.0.1 | 16.28 | 414.40 | 430.68 | NOTE | |
r-devel-linux-x86_64-debian-gcc | 1.0.1 | 13.71 | 288.96 | 302.67 | NOTE | |
r-devel-linux-x86_64-fedora-clang | 1.0.1 | 510.36 | NOTE | |||
r-devel-linux-x86_64-fedora-gcc | 1.0.1 | 519.15 | NOTE | |||
r-devel-windows-x86_64 | 1.0.1 | 15.00 | 270.00 | 285.00 | NOTE | |
r-patched-linux-x86_64 | 1.0.1 | 13.27 | 390.32 | 403.59 | OK | |
r-release-linux-x86_64 | 1.0.1 | 14.44 | 397.05 | 411.49 | OK | |
r-release-macos-arm64 | 1.0.1 | 147.00 | OK | |||
r-release-macos-x86_64 | 1.0.1 | 263.00 | OK | |||
r-release-windows-x86_64 | 1.0.1 | 20.00 | 350.00 | 370.00 | OK | |
r-oldrel-macos-arm64 | 1.0.1 | 129.00 | OK | |||
r-oldrel-macos-x86_64 | 1.0.1 | 212.00 | OK | |||
r-oldrel-windows-x86_64 | 1.0.1 | 19.00 | 342.00 | 361.00 | OK |
Version: 1.0.1
Check: Rd \usage sections
Result: NOTE
Documented arguments not in \usage in documentation object 'mm_run_reg':
‘all_params’
Functions with \usage entries need to have the appropriate \alias
entries, and all their arguments documented.
The \usage entries must correspond to syntactically valid R code.
See chapter ‘Writing R documentation files’ in the ‘Writing R
Extensions’ manual.
Flavors: r-devel-linux-x86_64-debian-clang, r-devel-linux-x86_64-debian-gcc, r-devel-linux-x86_64-fedora-clang, r-devel-linux-x86_64-fedora-gcc, r-devel-windows-x86_64