CRAN Package Check Results for Package darch

Last updated on 2018-10-18 00:48:02 CEST.

Flavor Version Tinstall Tcheck Ttotal Status Flags
r-oldrel-osx-x86_64 0.12.0 NOTE

Check Details

Version: 0.12.0
Check: package dependencies
Result: NOTE
    Package suggested but not available for checking: ‘gputools’
Flavor: r-oldrel-osx-x86_64

Version: 0.12.0
Check: Rd cross-references
Result: NOTE
    Package unavailable to check Rd xrefs: ‘gputools’
Flavor: r-oldrel-osx-x86_64