CRAN Package Check Results for Package datacleanr

Last updated on 2021-10-23 00:48:50 CEST.

Flavor Version Tinstall Tcheck Ttotal Status Flags
r-devel-linux-x86_64-debian-clang 1.0.1 4.71 40.98 45.69 NOTE
r-devel-linux-x86_64-debian-gcc 1.0.1 3.55 30.92 34.47 NOTE
r-devel-linux-x86_64-fedora-clang 1.0.1 65.21 NOTE
r-devel-linux-x86_64-fedora-gcc 1.0.1 53.87 NOTE
r-devel-windows-x86_64 1.0.1 8.00 64.00 72.00 NOTE
r-devel-windows-x86_64-gcc10-UCRT 1.0.1 NOTE
r-patched-linux-x86_64 1.0.1 9.36 38.74 48.10 NOTE
r-patched-solaris-x86 1.0.1 80.00 NOTE
r-release-linux-x86_64 1.0.1 4.29 38.24 42.53 NOTE
r-release-macos-arm64 1.0.1 NOTE
r-release-macos-x86_64 1.0.1 NOTE
r-release-windows-ix86+x86_64 1.0.1 8.00 60.00 68.00 NOTE
r-oldrel-macos-x86_64 1.0.1 OK
r-oldrel-windows-ix86+x86_64 1.0.1 11.00 57.00 68.00 OK

Check Details

Version: 1.0.1
Check: LazyData
Result: NOTE
     'LazyData' is specified without a 'data' directory
Flavors: r-devel-linux-x86_64-debian-clang, r-devel-linux-x86_64-debian-gcc, r-devel-linux-x86_64-fedora-clang, r-devel-linux-x86_64-fedora-gcc, r-devel-windows-x86_64, r-devel-windows-x86_64-gcc10-UCRT, r-patched-linux-x86_64, r-patched-solaris-x86, r-release-linux-x86_64, r-release-macos-arm64, r-release-macos-x86_64, r-release-windows-ix86+x86_64