CRAN Package Check Results for Package datamods

Last updated on 2024-06-14 00:53:39 CEST.

Flavor Version Tinstall Tcheck Ttotal Status Flags
r-devel-linux-x86_64-debian-clang 1.5.1 14.46 100.36 114.82 OK
r-devel-linux-x86_64-debian-gcc 1.5.1 0.48 1.92 2.40 ERROR
r-devel-linux-x86_64-fedora-clang 1.5.1 151.45 OK
r-devel-linux-x86_64-fedora-gcc 1.5.1 392.82 OK
r-devel-windows-x86_64 1.5.1 10.00 100.00 110.00 OK
r-patched-linux-x86_64 1.5.1 9.46 94.47 103.93 OK
r-release-linux-x86_64 1.5.1 7.69 96.86 104.55 OK
r-release-macos-arm64 1.5.1 116.00 OK
r-release-macos-x86_64 1.5.1 261.00 OK
r-release-windows-x86_64 1.5.1 12.00 107.00 119.00 OK
r-oldrel-macos-arm64 1.5.1 130.00 OK
r-oldrel-macos-x86_64 1.5.1 389.00 OK
r-oldrel-windows-x86_64 1.5.1 14.00 109.00 123.00 OK

Check Details

Version: 1.5.1
Check: package dependencies
Result: ERROR Packages required but not available: 'readxl', 'rio', 'tibble' Packages suggested but not available for checking: 'ggplot2', 'testthat' See section ‘The DESCRIPTION file’ in the ‘Writing R Extensions’ manual. Flavor: r-devel-linux-x86_64-debian-gcc