CRAN Package Check Results for Package datetime

Last updated on 2021-10-28 00:48:42 CEST.

Flavor Version Tinstall Tcheck Ttotal Status Flags
r-devel-linux-x86_64-debian-clang 0.1.4 2.33 24.48 26.81 NOTE
r-devel-linux-x86_64-debian-gcc 0.1.4 1.84 19.51 21.35 NOTE
r-devel-linux-x86_64-fedora-clang 0.1.4 44.17 NOTE
r-devel-linux-x86_64-fedora-gcc 0.1.4 32.61 NOTE
r-devel-windows-x86_64 0.1.4 4.00 43.00 47.00 NOTE
r-devel-windows-x86_64-gcc10-UCRT 0.1.4 NOTE
r-patched-linux-x86_64 0.1.4 2.52 23.43 25.95 NOTE
r-patched-solaris-x86 0.1.4 48.90 NOTE
r-release-linux-x86_64 0.1.4 2.09 23.23 25.32 NOTE
r-release-macos-arm64 0.1.4 NOTE
r-release-macos-x86_64 0.1.4 NOTE
r-release-windows-ix86+x86_64 0.1.4 5.00 41.00 46.00 NOTE
r-oldrel-macos-x86_64 0.1.4 OK
r-oldrel-windows-ix86+x86_64 0.1.4 4.00 39.00 43.00 OK

Check Details

Version: 0.1.4
Check: LazyData
Result: NOTE
     'LazyData' is specified without a 'data' directory
Flavors: r-devel-linux-x86_64-debian-clang, r-devel-linux-x86_64-debian-gcc, r-devel-linux-x86_64-fedora-clang, r-devel-linux-x86_64-fedora-gcc, r-devel-windows-x86_64, r-devel-windows-x86_64-gcc10-UCRT, r-patched-linux-x86_64, r-patched-solaris-x86, r-release-linux-x86_64, r-release-macos-arm64, r-release-macos-x86_64, r-release-windows-ix86+x86_64