CRAN Package Check Results for Package datplot

Last updated on 2021-10-23 00:48:50 CEST.

Flavor Version Tinstall Tcheck Ttotal Status Flags
r-devel-linux-x86_64-debian-clang 1.0.0 2.66 102.93 105.59 OK
r-devel-linux-x86_64-debian-gcc 1.0.0 1.96 79.45 81.41 OK
r-devel-linux-x86_64-fedora-clang 1.0.0 131.97 NOTE
r-devel-linux-x86_64-fedora-gcc 1.0.0 121.79 NOTE
r-devel-windows-x86_64 1.0.0 5.00 163.00 168.00 OK
r-devel-windows-x86_64-gcc10-UCRT 1.0.0 NOTE
r-patched-linux-x86_64 1.0.0 2.38 90.99 93.37 OK
r-patched-solaris-x86 1.0.0 173.90 NOTE
r-release-linux-x86_64 1.0.0 2.23 91.32 93.55 OK
r-release-macos-arm64 1.0.0 NOTE
r-release-macos-x86_64 1.0.0 NOTE
r-release-windows-ix86+x86_64 1.0.0 8.00 133.00 141.00 OK
r-oldrel-macos-x86_64 1.0.0 NOTE
r-oldrel-windows-ix86+x86_64 1.0.0 5.00 158.00 163.00 OK

Check Details

Version: 1.0.0
Check: data for non-ASCII characters
Result: NOTE
     Note: found 1 marked Latin-1 string
     Note: found 360 marked UTF-8 strings
Flavors: r-devel-linux-x86_64-fedora-clang, r-devel-linux-x86_64-fedora-gcc, r-devel-windows-x86_64-gcc10-UCRT, r-patched-solaris-x86, r-release-macos-arm64, r-release-macos-x86_64, r-oldrel-macos-x86_64