CRAN Package Check Results for Package dbscan

Last updated on 2021-12-01 00:50:48 CET.

Flavor Version Tinstall Tcheck Ttotal Status Flags
r-devel-linux-x86_64-debian-clang 1.1-8 142.39 101.45 243.84 OK
r-devel-linux-x86_64-debian-gcc 1.1-8 101.05 84.76 185.81 OK
r-devel-linux-x86_64-fedora-clang 1.1-8 388.77 NOTE
r-devel-linux-x86_64-fedora-gcc 1.1-8 328.37 OK
r-devel-windows-x86_64-new-UL 1.1-8 208.00 237.00 445.00 OK
r-devel-windows-x86_64-new-TK 1.1-8 OK
r-devel-windows-x86_64-old 1.1-8 189.00 123.00 312.00 OK
r-patched-linux-x86_64 1.1-8 127.98 90.76 218.74 OK
r-patched-solaris-x86 1.1-8 305.10 OK
r-release-linux-x86_64 1.1-8 121.40 90.39 211.79 OK
r-release-macos-arm64 1.1-8 NOTE
r-release-macos-x86_64 1.1-8 NOTE
r-release-windows-ix86+x86_64 1.1-8 361.00 164.00 525.00 NOTE
r-oldrel-macos-x86_64 1.1-8 NOTE
r-oldrel-windows-ix86+x86_64 1.1-8 277.00 171.00 448.00 NOTE

Check Details

Version: 1.1-8
Check: installed package size
Result: NOTE
     installed size is 9.8Mb
     sub-directories of 1Mb or more:
     doc 2.6Mb
     libs 6.8Mb
Flavors: r-devel-linux-x86_64-fedora-clang, r-release-macos-arm64, r-release-macos-x86_64, r-release-windows-ix86+x86_64, r-oldrel-macos-x86_64, r-oldrel-windows-ix86+x86_64