CRAN Package Check Results for Package dcmle

Last updated on 2021-10-17 00:48:34 CEST.

Flavor Version Tinstall Tcheck Ttotal Status Flags
r-devel-linux-x86_64-debian-clang 0.3-1 19.87 154.13 174.00 NOTE
r-devel-linux-x86_64-debian-gcc 0.3-1 17.04 114.65 131.69 NOTE
r-devel-linux-x86_64-fedora-clang 0.3-1 216.79 NOTE
r-devel-linux-x86_64-fedora-gcc 0.3-1 216.11 NOTE
r-devel-windows-x86_64 0.3-1 43.00 158.00 201.00 NOTE
r-devel-windows-x86_64-gcc10-UCRT 0.3-1 NOTE
r-patched-linux-x86_64 0.3-1 26.81 144.88 171.69 NOTE
r-patched-solaris-x86 0.3-1 312.30 NOTE
r-release-linux-x86_64 0.3-1 20.22 143.70 163.92 NOTE
r-release-macos-arm64 0.3-1 NOTE
r-release-macos-x86_64 0.3-1 NOTE
r-release-windows-ix86+x86_64 0.3-1 50.00 198.00 248.00 NOTE
r-oldrel-macos-x86_64 0.3-1 OK
r-oldrel-windows-ix86+x86_64 0.3-1 49.00 200.00 249.00 OK

Check Details

Version: 0.3-1
Check: LazyData
Result: NOTE
     'LazyData' is specified without a 'data' directory
Flavors: r-devel-linux-x86_64-debian-clang, r-devel-linux-x86_64-debian-gcc, r-devel-linux-x86_64-fedora-clang, r-devel-linux-x86_64-fedora-gcc, r-devel-windows-x86_64, r-devel-windows-x86_64-gcc10-UCRT, r-patched-linux-x86_64, r-patched-solaris-x86, r-release-linux-x86_64, r-release-macos-arm64, r-release-macos-x86_64, r-release-windows-ix86+x86_64