Last updated on 2025-01-20 00:48:18 CET.
Flavor | Version | Tinstall | Tcheck | Ttotal | Status | Flags |
---|---|---|---|---|---|---|
r-devel-linux-x86_64-debian-clang | 0.4-1 | 30.03 | 209.60 | 239.63 | NOTE | |
r-devel-linux-x86_64-debian-gcc | 0.4-1 | 22.90 | 147.02 | 169.92 | NOTE | |
r-devel-linux-x86_64-fedora-clang | 0.4-1 | 396.89 | OK | |||
r-devel-linux-x86_64-fedora-gcc | 0.4-1 | 380.85 | OK | |||
r-devel-windows-x86_64 | 0.4-1 | 24.00 | 211.00 | 235.00 | NOTE | |
r-patched-linux-x86_64 | 0.4-1 | 38.59 | 200.32 | 238.91 | OK | |
r-release-linux-x86_64 | 0.4-1 | 29.05 | 200.89 | 229.94 | OK | |
r-release-macos-arm64 | 0.4-1 | 93.00 | OK | |||
r-release-macos-x86_64 | 0.4-1 | 153.00 | OK | |||
r-release-windows-x86_64 | 0.4-1 | 24.00 | 203.00 | 227.00 | OK | |
r-oldrel-macos-arm64 | 0.4-1 | 80.00 | OK | |||
r-oldrel-macos-x86_64 | 0.4-1 | 199.00 | OK | |||
r-oldrel-windows-x86_64 | 0.4-1 | 31.00 | 253.00 | 284.00 | OK |
Version: 0.4-1
Check: Rd cross-references
Result: NOTE
Found the following Rd file(s) with Rd \link{} targets missing package
anchors:
dcFit-class.Rd: bugs.fit
gsFit-class.Rd: bugs.fit
Please provide package anchors for all Rd \link{} targets not in the
package itself and the base packages.
Flavors: r-devel-linux-x86_64-debian-clang, r-devel-linux-x86_64-debian-gcc, r-devel-windows-x86_64