CRAN Package Check Results for Package deTS

Last updated on 2023-03-22 00:52:18 CET.

Flavor Version Tinstall Tcheck Ttotal Status Flags
r-devel-linux-x86_64-debian-clang 1.0 3.36 63.92 67.28 OK
r-devel-linux-x86_64-debian-gcc 1.0 3.35 50.32 53.67 OK
r-devel-linux-x86_64-fedora-clang 1.0 85.26 NOTE
r-devel-linux-x86_64-fedora-gcc 1.0 82.07 NOTE
r-devel-windows-x86_64 1.0 11.00 101.00 112.00 OK
r-patched-linux-x86_64 1.0 4.02 64.64 68.66 OK
r-release-linux-x86_64 1.0 3.70 62.76 66.46 OK
r-release-macos-arm64 1.0 29.00 NOTE
r-release-macos-x86_64 1.0 41.00 NOTE
r-release-windows-x86_64 1.0 10.00 100.00 110.00 OK
r-oldrel-macos-arm64 1.0 34.00 NOTE
r-oldrel-macos-x86_64 1.0 57.00 NOTE
r-oldrel-windows-ix86+x86_64 1.0 10.00 94.00 104.00 OK

Check Details

Version: 1.0
Check: dependencies in R code
Result: NOTE
    Namespace in Imports field not imported from: ‘RColorBrewer’
     All declared Imports should be used.
Flavors: r-devel-linux-x86_64-fedora-clang, r-devel-linux-x86_64-fedora-gcc, r-release-macos-arm64, r-release-macos-x86_64, r-oldrel-macos-arm64, r-oldrel-macos-x86_64