CRAN Package Check Results for Package debugme

Last updated on 2021-10-22 00:50:23 CEST.

Flavor Version Tinstall Tcheck Ttotal Status Flags
r-devel-linux-x86_64-debian-clang 1.1.0 2.13 22.61 24.74 NOTE
r-devel-linux-x86_64-debian-gcc 1.1.0 1.54 18.20 19.74 NOTE
r-devel-linux-x86_64-fedora-clang 1.1.0 41.64 NOTE
r-devel-linux-x86_64-fedora-gcc 1.1.0 31.17 NOTE
r-devel-windows-x86_64 1.1.0 4.00 43.00 47.00 NOTE
r-devel-windows-x86_64-gcc10-UCRT 1.1.0 NOTE
r-patched-linux-x86_64 1.1.0 2.09 22.33 24.42 NOTE
r-patched-solaris-x86 1.1.0 47.90 NOTE
r-release-linux-x86_64 1.1.0 1.96 22.34 24.30 NOTE
r-release-macos-arm64 1.1.0 NOTE
r-release-macos-x86_64 1.1.0 NOTE
r-release-windows-ix86+x86_64 1.1.0 4.00 39.00 43.00 NOTE
r-oldrel-macos-x86_64 1.1.0 OK
r-oldrel-windows-ix86+x86_64 1.1.0 6.00 41.00 47.00 OK

Check Details

Version: 1.1.0
Check: LazyData
Result: NOTE
     'LazyData' is specified without a 'data' directory
Flavors: r-devel-linux-x86_64-debian-clang, r-devel-linux-x86_64-debian-gcc, r-devel-linux-x86_64-fedora-clang, r-devel-linux-x86_64-fedora-gcc, r-devel-windows-x86_64, r-devel-windows-x86_64-gcc10-UCRT, r-patched-linux-x86_64, r-patched-solaris-x86, r-release-linux-x86_64, r-release-macos-arm64, r-release-macos-x86_64, r-release-windows-ix86+x86_64