CRAN Package Check Results for Package deep

Last updated on 2021-10-17 00:48:34 CEST.

Flavor Version Tinstall Tcheck Ttotal Status Flags
r-devel-linux-x86_64-debian-clang 0.1.0 2.84 25.51 28.35 NOTE
r-devel-linux-x86_64-debian-gcc 0.1.0 2.28 20.39 22.67 NOTE
r-devel-linux-x86_64-fedora-clang 0.1.0 45.24 NOTE
r-devel-linux-x86_64-fedora-gcc 0.1.0 33.87 NOTE
r-devel-windows-x86_64 0.1.0 7.00 34.00 41.00 NOTE
r-devel-windows-x86_64-gcc10-UCRT 0.1.0 NOTE
r-patched-linux-x86_64 0.1.0 3.24 25.15 28.39 NOTE
r-patched-solaris-x86 0.1.0 52.60 NOTE
r-release-linux-x86_64 0.1.0 2.80 24.98 27.78 NOTE
r-release-macos-arm64 0.1.0 NOTE
r-release-macos-x86_64 0.1.0 NOTE
r-release-windows-ix86+x86_64 0.1.0 8.00 33.00 41.00 NOTE
r-oldrel-macos-x86_64 0.1.0 OK
r-oldrel-windows-ix86+x86_64 0.1.0 7.00 30.00 37.00 OK

Check Details

Version: 0.1.0
Check: LazyData
Result: NOTE
     'LazyData' is specified without a 'data' directory
Flavors: r-devel-linux-x86_64-debian-clang, r-devel-linux-x86_64-debian-gcc, r-devel-linux-x86_64-fedora-clang, r-devel-linux-x86_64-fedora-gcc, r-devel-windows-x86_64, r-devel-windows-x86_64-gcc10-UCRT, r-patched-linux-x86_64, r-patched-solaris-x86, r-release-linux-x86_64, r-release-macos-arm64, r-release-macos-x86_64, r-release-windows-ix86+x86_64