Last updated on 2023-12-11 00:49:03 CET.
Flavor | Version | Tinstall | Tcheck | Ttotal | Status | Flags |
---|---|---|---|---|---|---|
r-devel-linux-x86_64-debian-clang | 1.0.0 | 18.01 | 126.32 | 144.33 | NOTE | |
r-devel-linux-x86_64-debian-gcc | 1.0.0 | 13.91 | 93.20 | 107.11 | NOTE | |
r-devel-linux-x86_64-fedora-clang | 1.0.0 | 183.64 | OK | |||
r-devel-linux-x86_64-fedora-gcc | 1.0.0 | 171.30 | OK | |||
r-devel-windows-x86_64 | 1.0.0 | 15.00 | 234.00 | 249.00 | OK | |
r-patched-linux-x86_64 | 1.0.0 | 12.03 | 119.17 | 131.20 | OK | |
r-release-linux-x86_64 | 1.0.0 | 13.04 | 120.03 | 133.07 | OK | |
r-release-macos-arm64 | 1.0.0 | 53.00 | OK | |||
r-release-macos-x86_64 | 1.0.0 | 85.00 | OK | |||
r-release-windows-x86_64 | 1.0.0 | 20.00 | 185.00 | 205.00 | OK | |
r-oldrel-macos-arm64 | 1.0.0 | 44.00 | OK | |||
r-oldrel-macos-x86_64 | 1.0.0 | 67.00 | OK | |||
r-oldrel-windows-x86_64 | 1.0.0 | 21.00 | 171.00 | 192.00 | OK |
Version: 1.0.0
Check: Rd files
Result: NOTE
checkRd: (-1) dr_families.Rd:36: Lost braces in \itemize; meant \describe ?
checkRd: (-1) dr_families.Rd:37: Lost braces in \itemize; meant \describe ?
checkRd: (-1) dr_families.Rd:38: Lost braces in \itemize; meant \describe ?
checkRd: (-1) dr_families.Rd:39-40: Lost braces in \itemize; meant \describe ?
checkRd: (-1) dr_families.Rd:41: Lost braces in \itemize; meant \describe ?
checkRd: (-1) dr_families.Rd:42: Lost braces in \itemize; meant \describe ?
checkRd: (-1) dr_families.Rd:43: Lost braces in \itemize; meant \describe ?
checkRd: (-1) dr_families.Rd:44: Lost braces in \itemize; meant \describe ?
checkRd: (-1) dr_families.Rd:45: Lost braces in \itemize; meant \describe ?
checkRd: (-1) dr_families.Rd:46: Lost braces in \itemize; meant \describe ?
checkRd: (-1) dr_families.Rd:47-49: Lost braces in \itemize; meant \describe ?
checkRd: (-1) dr_families.Rd:50: Lost braces in \itemize; meant \describe ?
checkRd: (-1) dr_families.Rd:51: Lost braces in \itemize; meant \describe ?
checkRd: (-1) dr_families.Rd:52: Lost braces in \itemize; meant \describe ?
checkRd: (-1) dr_families.Rd:53: Lost braces in \itemize; meant \describe ?
checkRd: (-1) dr_families.Rd:54: Lost braces in \itemize; meant \describe ?
checkRd: (-1) dr_families.Rd:55: Lost braces in \itemize; meant \describe ?
checkRd: (-1) dr_families.Rd:56-57: Lost braces in \itemize; meant \describe ?
checkRd: (-1) dr_families.Rd:58: Lost braces in \itemize; meant \describe ?
checkRd: (-1) dr_families.Rd:59-60: Lost braces in \itemize; meant \describe ?
checkRd: (-1) dr_families.Rd:61: Lost braces in \itemize; meant \describe ?
checkRd: (-1) dr_families.Rd:62: Lost braces in \itemize; meant \describe ?
checkRd: (-1) dr_families.Rd:63: Lost braces in \itemize; meant \describe ?
checkRd: (-1) dr_families.Rd:64: Lost braces in \itemize; meant \describe ?
checkRd: (-1) dr_families.Rd:65-67: Lost braces in \itemize; meant \describe ?
checkRd: (-1) dr_families.Rd:68: Lost braces in \itemize; meant \describe ?
checkRd: (-1) dr_families.Rd:69: Lost braces in \itemize; meant \describe ?
checkRd: (-1) dr_families.Rd:70: Lost braces in \itemize; meant \describe ?
checkRd: (-1) dr_families.Rd:71-72: Lost braces in \itemize; meant \describe ?
checkRd: (-1) dr_families.Rd:73: Lost braces in \itemize; meant \describe ?
checkRd: (-1) dr_families.Rd:74-75: Lost braces in \itemize; meant \describe ?
checkRd: (-1) dr_families.Rd:76: Lost braces in \itemize; meant \describe ?
Flavors: r-devel-linux-x86_64-debian-clang, r-devel-linux-x86_64-debian-gcc