CRAN Package Check Results for Package deeptime

Last updated on 2024-06-14 00:53:39 CEST.

Flavor Version Tinstall Tcheck Ttotal Status Flags
r-devel-linux-x86_64-debian-clang 1.1.1 18.36 305.29 323.65 OK
r-devel-linux-x86_64-debian-gcc 1.1.1 0.97 1.93 2.90 ERROR
r-devel-linux-x86_64-fedora-clang 1.1.1 418.49 OK
r-devel-linux-x86_64-fedora-gcc 1.1.1 410.25 OK
r-devel-windows-x86_64 1.1.1 16.00 216.00 232.00 OK
r-patched-linux-x86_64 1.1.1 18.65 289.85 308.50 OK
r-release-linux-x86_64 1.1.1 18.29 298.80 317.09 OK
r-release-macos-arm64 1.1.1 114.00 OK
r-release-macos-x86_64 1.1.1 183.00 OK
r-release-windows-x86_64 1.1.1 19.00 214.00 233.00 OK
r-oldrel-macos-arm64 1.1.1 117.00 OK
r-oldrel-macos-x86_64 1.1.1 279.00 OK
r-oldrel-windows-x86_64 1.1.1 22.00 271.00 293.00 OK

Additional issues

noSuggests

Check Details

Version: 1.1.1
Check: package dependencies
Result: ERROR Packages required but not available: 'ggplot2', 'ggnewscale', 'ggforce', 'ggfittext', 'phytools', 'geomtextpath' Packages suggested but not available for checking: 'dplyr', 'palaeoverse', 'paleotree', 'dispRity', 'ggtree', 'testthat', 'vdiffr' See section ‘The DESCRIPTION file’ in the ‘Writing R Extensions’ manual. Flavor: r-devel-linux-x86_64-debian-gcc