CRAN Package Check Results for Package deltaccd

Last updated on 2024-06-14 00:53:39 CEST.

Flavor Version Tinstall Tcheck Ttotal Status Flags
r-devel-linux-x86_64-debian-clang 1.0.2 3.93 47.73 51.66 OK
r-devel-linux-x86_64-debian-gcc 1.0.2 0.40 1.72 2.12 ERROR
r-devel-linux-x86_64-fedora-clang 1.0.2 63.69 OK
r-devel-linux-x86_64-fedora-gcc 1.0.2 61.07 OK
r-devel-windows-x86_64 1.0.2 5.00 55.00 60.00 OK
r-patched-linux-x86_64 1.0.2 3.86 44.35 48.21 OK
r-release-linux-x86_64 1.0.2 4.48 45.70 50.18 OK
r-release-macos-arm64 1.0.2 23.00 OK
r-release-macos-x86_64 1.0.2 32.00 OK
r-release-windows-x86_64 1.0.2 6.00 55.00 61.00 OK
r-oldrel-macos-arm64 1.0.2 24.00 OK
r-oldrel-macos-x86_64 1.0.2 33.00 OK
r-oldrel-windows-x86_64 1.0.2 6.00 60.00 66.00 OK

Check Details

Version: 1.0.2
Check: package dependencies
Result: ERROR Package required but not available: ‘ggplot2’ Packages suggested but not available for checking: 'testthat', 'vdiffr' See section ‘The DESCRIPTION file’ in the ‘Writing R Extensions’ manual. Flavor: r-devel-linux-x86_64-debian-gcc