CRAN Package Check Results for Package demu

Last updated on 2023-05-29 00:59:31 CEST.

Flavor Version Tinstall Tcheck Ttotal Status Flags
r-devel-linux-x86_64-debian-clang 0.3.0 52.02 81.99 134.01 NOTE
r-devel-linux-x86_64-debian-gcc 0.3.0 45.07 62.43 107.50 NOTE
r-devel-linux-x86_64-fedora-clang 0.3.0 181.87 NOTE
r-devel-linux-x86_64-fedora-gcc 0.3.0 179.64 NOTE
r-devel-windows-x86_64 0.3.0 41.00 106.00 147.00 NOTE
r-patched-linux-x86_64 0.3.0 49.59 76.07 125.66 NOTE
r-release-linux-x86_64 0.3.0 44.91 77.40 122.31 NOTE
r-release-macos-arm64 0.3.0 50.00 NOTE
r-release-macos-x86_64 0.3.0 82.00 NOTE
r-release-windows-x86_64 0.3.0 55.00 126.00 181.00 NOTE
r-oldrel-macos-arm64 0.3.0 50.00 NOTE
r-oldrel-macos-x86_64 0.3.0 89.00 NOTE
r-oldrel-windows-x86_64 0.3.0 52.00 114.00 166.00 NOTE

Check Details

Version: 0.3.0
Check: LazyData
Result: NOTE
     'LazyData' is specified without a 'data' directory
Flavors: r-devel-linux-x86_64-debian-clang, r-devel-linux-x86_64-debian-gcc, r-devel-linux-x86_64-fedora-clang, r-devel-linux-x86_64-fedora-gcc, r-devel-windows-x86_64, r-patched-linux-x86_64, r-release-linux-x86_64, r-release-macos-arm64, r-release-macos-x86_64, r-release-windows-x86_64, r-oldrel-macos-arm64, r-oldrel-macos-x86_64, r-oldrel-windows-x86_64