CRAN Package Check Results for Package densityarea

Last updated on 2024-04-18 01:02:48 CEST.

Flavor Version Tinstall Tcheck Ttotal Status Flags
r-devel-linux-x86_64-debian-clang 0.1.0 5.31 158.17 163.48 OK
r-devel-linux-x86_64-debian-gcc 0.1.0 5.77 119.24 125.01 OK
r-devel-linux-x86_64-fedora-clang 0.1.0 210.74 NOTE
r-devel-linux-x86_64-fedora-gcc 0.1.0 214.26 NOTE
r-prerel-macos-arm64 0.1.0 63.00 OK
r-prerel-windows-x86_64 0.1.0 9.00 115.00 124.00 OK
r-patched-linux-x86_64 0.1.0 10.54 150.28 160.82 OK
r-release-linux-x86_64 0.1.0 7.77 148.00 155.77 OK
r-release-macos-arm64 0.1.0 67.00 OK
r-release-macos-x86_64 0.1.0 114.00 OK
r-release-windows-x86_64 0.1.0 12.00 137.00 149.00 OK
r-oldrel-macos-arm64 0.1.0 54.00 OK
r-oldrel-windows-x86_64 0.1.0 11.00 145.00 156.00 OK

Check Details

Version: 0.1.0
Check: data for non-ASCII characters
Result: NOTE Note: found 2534 marked UTF-8 strings Flavors: r-devel-linux-x86_64-fedora-clang, r-devel-linux-x86_64-fedora-gcc