Last updated on 2023-11-28 00:56:45 CET.
Flavor | Version | Tinstall | Tcheck | Ttotal | Status | Flags |
---|---|---|---|---|---|---|
r-devel-linux-x86_64-debian-clang | 1.5-0 | 9.30 | 127.97 | 137.27 | NOTE | |
r-devel-linux-x86_64-debian-gcc | 1.5-0 | 9.45 | 93.13 | 102.58 | NOTE | |
r-devel-linux-x86_64-fedora-clang | 1.5-0 | 179.15 | NOTE | |||
r-devel-linux-x86_64-fedora-gcc | 1.5-0 | 187.93 | NOTE | |||
r-devel-windows-x86_64 | 1.5-0 | 12.00 | 148.00 | 160.00 | NOTE | |
r-patched-linux-x86_64 | 1.5-0 | 16.87 | 123.67 | 140.54 | NOTE | |
r-release-linux-x86_64 | 1.5-0 | 12.08 | 122.72 | 134.80 | NOTE | |
r-release-macos-arm64 | 1.5-0 | 68.00 | NOTE | |||
r-release-macos-x86_64 | 1.5-0 | 110.00 | NOTE | |||
r-release-windows-x86_64 | 1.5-0 | 15.00 | 156.00 | 171.00 | NOTE | |
r-oldrel-macos-arm64 | 1.5-0 | 57.00 | NOTE | |||
r-oldrel-macos-x86_64 | 1.5-0 | 73.00 | NOTE | |||
r-oldrel-windows-x86_64 | 1.5-0 | 17.00 | 158.00 | 175.00 | NOTE |
Version: 1.5-0
Check: package dependencies
Result: NOTE
Package suggested but not available for checking: ‘Rdonlp2’
Flavors: r-devel-linux-x86_64-debian-clang, r-devel-linux-x86_64-debian-gcc, r-devel-linux-x86_64-fedora-clang, r-devel-linux-x86_64-fedora-gcc, r-devel-windows-x86_64, r-patched-linux-x86_64, r-release-linux-x86_64, r-release-macos-arm64, r-release-macos-x86_64, r-release-windows-x86_64, r-oldrel-macos-arm64, r-oldrel-macos-x86_64, r-oldrel-windows-x86_64
Version: 1.5-0
Check: Rd files
Result: NOTE
checkRd: (-1) responses.Rd:68: Lost braces
68 | response. See code{\link{makeDepmix}} for an example of how to use
| ^
Flavors: r-devel-linux-x86_64-debian-clang, r-devel-linux-x86_64-debian-gcc