CRAN Package Check Results for Package designmatch

Last updated on 2021-10-16 00:49:12 CEST.

Flavor Version Tinstall Tcheck Ttotal Status Flags
r-devel-linux-x86_64-debian-clang 0.3.1 6.97 50.14 57.11 NOTE
r-devel-linux-x86_64-debian-gcc 0.3.1 4.42 39.46 43.88 NOTE
r-devel-linux-x86_64-fedora-clang 0.3.1 78.85 NOTE
r-devel-linux-x86_64-fedora-gcc 0.3.1 67.59 NOTE
r-devel-windows-x86_64 0.3.1 8.00 52.00 60.00 NOTE
r-devel-windows-x86_64-gcc10-UCRT 0.3.1 NOTE
r-patched-linux-x86_64 0.3.1 6.66 49.84 56.50 NOTE
r-patched-solaris-x86 0.3.1 105.40 NOTE
r-release-linux-x86_64 0.3.1 5.65 49.05 54.70 NOTE
r-release-macos-arm64 0.3.1 NOTE
r-release-macos-x86_64 0.3.1 NOTE
r-release-windows-ix86+x86_64 0.3.1 11.00 74.00 85.00 NOTE
r-oldrel-macos-x86_64 0.3.1 NOTE
r-oldrel-windows-ix86+x86_64 0.3.1 11.00 75.00 86.00 NOTE

Check Details

Version: 0.3.1
Check: package dependencies
Result: NOTE
    Package which this enhances but not available for checking: 'gurobi'
Flavors: r-devel-linux-x86_64-debian-clang, r-devel-linux-x86_64-debian-gcc, r-patched-linux-x86_64, r-release-linux-x86_64

Version: 0.3.1
Check: package dependencies
Result: NOTE
    Packages which this enhances but not available for checking:
     'gurobi', 'Rcplex'
Flavors: r-devel-linux-x86_64-fedora-clang, r-devel-linux-x86_64-fedora-gcc, r-devel-windows-x86_64, r-devel-windows-x86_64-gcc10-UCRT, r-release-macos-x86_64, r-release-windows-ix86+x86_64, r-oldrel-windows-ix86+x86_64

Version: 0.3.1
Check: package dependencies
Result: NOTE
    Packages which this enhances but not available for checking:
     'gurobi', 'Rcplex', 'Rmosek', 'Rsymphony'
Flavor: r-patched-solaris-x86

Version: 0.3.1
Check: package dependencies
Result: NOTE
    Packages which this enhances but not available for checking:
     'gurobi', 'Rcplex', 'Rsymphony'
Flavors: r-release-macos-arm64, r-oldrel-macos-x86_64