CRAN Package Check Results for Package desla

Last updated on 2024-06-13 00:55:11 CEST.

Flavor Version Tinstall Tcheck Ttotal Status Flags
r-devel-linux-x86_64-debian-clang 0.3.0 61.77 37.12 98.89 OK
r-devel-linux-x86_64-debian-gcc 0.3.0 45.31 25.59 70.90 ERROR
r-devel-linux-x86_64-fedora-clang 0.3.0 127.25 OK
r-devel-linux-x86_64-fedora-gcc 0.3.0 138.69 OK
r-devel-windows-x86_64 0.3.0 46.00 68.00 114.00 OK
r-patched-linux-x86_64 0.3.0 54.05 34.95 89.00 OK
r-release-linux-x86_64 0.3.0 51.75 35.36 87.11 OK
r-release-macos-arm64 0.3.0 36.00 NOTE
r-release-macos-x86_64 0.3.0 83.00 NOTE
r-release-windows-x86_64 0.3.0 46.00 70.00 116.00 OK
r-oldrel-macos-arm64 0.3.0 35.00 NOTE
r-oldrel-macos-x86_64 0.3.0 76.00 NOTE
r-oldrel-windows-x86_64 0.3.0 54.00 80.00 134.00 OK

Check Details

Version: 0.3.0
Check: package dependencies
Result: NOTE Package suggested but not available for checking: ‘ggplot2’ Flavor: r-devel-linux-x86_64-debian-gcc

Version: 0.3.0
Check: examples
Result: ERROR Running examples in ‘desla-Ex.R’ failed The error most likely occurred in: > base::assign(".ptime", proc.time(), pos = "CheckExEnv") > ### Name: HDLP > ### Title: State Dependent High-Dimensional Local Projection > ### Aliases: HDLP > > ### ** Examples > > X<-matrix(rnorm(50*50), nrow=50) > y<-X[,1:4] %*% c(1, 2, 3, 4) + rnorm(50) > s<-matrix(c(rep(1,25),rep(0,50),rep(1,25)), ncol=2, dimnames = list(NULL, c("A","B"))) > h<-HDLP(x=X[,4], y=y, q=X[,-4], state_variables=s, hmax=5, lags=1) 0% 10 20 30 40 50 60 70 80 90 100% [----|----|----|----|----|----|----|----|----|----| **************************************************| 0% 10 20 30 40 50 60 70 80 90 100% [----|----|----|----|----|----|----|----|----|----| **************************************************| > plot(h) Error in plot.hdlp(h) : Cannot plot as package ggplot2 not installed. Calls: plot -> plot.hdlp Execution halted Flavor: r-devel-linux-x86_64-debian-gcc

Version: 0.3.0
Check: installed package size
Result: NOTE installed size is 5.8Mb sub-directories of 1Mb or more: libs 5.7Mb Flavors: r-release-macos-arm64, r-release-macos-x86_64, r-oldrel-macos-arm64, r-oldrel-macos-x86_64