Last updated on 2025-01-17 00:49:03 CET.
Flavor | Version | Tinstall | Tcheck | Ttotal | Status | Flags |
---|---|---|---|---|---|---|
r-devel-linux-x86_64-debian-clang | 0.3.0 | 43.30 | 28.79 | 72.09 | OK | |
r-devel-linux-x86_64-debian-gcc | 0.3.0 | 25.93 | 22.67 | 48.60 | OK | |
r-devel-linux-x86_64-fedora-clang | 0.3.0 | 119.10 | OK | |||
r-devel-linux-x86_64-fedora-gcc | 0.3.0 | 133.12 | OK | |||
r-devel-windows-x86_64 | 0.3.0 | 40.00 | 75.00 | 115.00 | OK | |
r-patched-linux-x86_64 | 0.3.0 | 43.36 | 27.33 | 70.69 | OK | |
r-release-linux-x86_64 | 0.3.0 | 40.74 | 27.23 | 67.97 | OK | |
r-release-macos-arm64 | 0.3.0 | 36.00 | NOTE | |||
r-release-macos-x86_64 | 0.3.0 | 83.00 | NOTE | |||
r-release-windows-x86_64 | 0.3.0 | 41.00 | 75.00 | 116.00 | OK | |
r-oldrel-macos-arm64 | 0.3.0 | 35.00 | NOTE | |||
r-oldrel-macos-x86_64 | 0.3.0 | 76.00 | NOTE | |||
r-oldrel-windows-x86_64 | 0.3.0 | 48.00 | 80.00 | 128.00 | OK |
Version: 0.3.0
Check: installed package size
Result: NOTE
installed size is 5.8Mb
sub-directories of 1Mb or more:
libs 5.7Mb
Flavors: r-release-macos-arm64, r-release-macos-x86_64, r-oldrel-macos-arm64, r-oldrel-macos-x86_64