CRAN Package Check Results for Package detrendr

Last updated on 2023-06-10 00:54:43 CEST.

Flavor Version Tinstall Tcheck Ttotal Status Flags
r-devel-linux-x86_64-debian-clang 0.6.15 143.66 135.50 279.16 NOTE
r-devel-linux-x86_64-debian-gcc 0.6.15 107.49 102.82 210.31 NOTE
r-devel-linux-x86_64-fedora-clang 0.6.15 413.23 NOTE
r-devel-linux-x86_64-fedora-gcc 0.6.15 405.44 NOTE
r-devel-windows-x86_64 0.6.15 124.00 136.00 260.00 NOTE
r-patched-linux-x86_64 0.6.15 92.85 126.97 219.82 NOTE
r-release-linux-x86_64 0.6.15 88.07 125.68 213.75 NOTE
r-release-macos-arm64 0.6.15 107.00 NOTE
r-release-macos-x86_64 0.6.15 177.00 NOTE
r-release-windows-x86_64 0.6.15 165.00 151.00 316.00 NOTE
r-oldrel-macos-arm64 0.6.15 71.00 NOTE
r-oldrel-macos-x86_64 0.6.15 128.00 NOTE
r-oldrel-windows-x86_64 0.6.15 146.00 155.00 301.00 NOTE

Check Details

Version: 0.6.15
Check: for GNU extensions in Makefiles
Result: NOTE
    GNU make is a SystemRequirements.
Flavors: r-devel-linux-x86_64-debian-clang, r-devel-linux-x86_64-debian-gcc, r-devel-linux-x86_64-fedora-clang, r-devel-linux-x86_64-fedora-gcc, r-devel-windows-x86_64, r-patched-linux-x86_64, r-release-linux-x86_64, r-release-macos-arm64, r-release-macos-x86_64, r-release-windows-x86_64, r-oldrel-macos-arm64, r-oldrel-macos-x86_64, r-oldrel-windows-x86_64