CRAN Package Check Results for Package detrendr

Last updated on 2021-10-23 00:48:51 CEST.

Flavor Version Tinstall Tcheck Ttotal Status Flags
r-devel-linux-x86_64-debian-clang 0.6.14 120.38 112.76 233.14 NOTE
r-devel-linux-x86_64-debian-gcc 0.6.14 86.65 84.70 171.35 NOTE
r-devel-linux-x86_64-fedora-clang 0.6.14 355.29 NOTE
r-devel-linux-x86_64-fedora-gcc 0.6.14 308.59 NOTE
r-devel-windows-x86_64 0.6.14 182.00 145.00 327.00 NOTE
r-devel-windows-x86_64-gcc10-UCRT 0.6.14 NOTE
r-patched-linux-x86_64 0.6.14 109.41 110.04 219.45 NOTE
r-patched-solaris-x86 0.6.14 287.60 NOTE
r-release-linux-x86_64 0.6.14 106.79 107.63 214.42 NOTE
r-release-macos-arm64 0.6.14 NOTE
r-release-macos-x86_64 0.6.14 NOTE
r-release-windows-ix86+x86_64 0.6.14 242.00 205.00 447.00 NOTE
r-oldrel-macos-x86_64 0.6.14 NOTE
r-oldrel-windows-ix86+x86_64 0.6.14 345.00 212.00 557.00 NOTE

Check Details

Version: 0.6.14
Check: for GNU extensions in Makefiles
Result: NOTE
    GNU make is a SystemRequirements.
Flavors: r-devel-linux-x86_64-debian-clang, r-devel-linux-x86_64-debian-gcc, r-devel-linux-x86_64-fedora-clang, r-devel-linux-x86_64-fedora-gcc, r-devel-windows-x86_64, r-devel-windows-x86_64-gcc10-UCRT, r-patched-linux-x86_64, r-patched-solaris-x86, r-release-linux-x86_64, r-release-macos-arm64, r-release-macos-x86_64, r-release-windows-ix86+x86_64, r-oldrel-macos-x86_64, r-oldrel-windows-ix86+x86_64

Version: 0.6.14
Check: installed package size
Result: NOTE
     installed size is 5.2Mb
     sub-directories of 1Mb or more:
     libs 4.0Mb
Flavors: r-devel-linux-x86_64-fedora-clang, r-release-macos-arm64